{"id":14485,"date":"2022-12-05T14:46:21","date_gmt":"2022-12-05T13:46:21","guid":{"rendered":"https:\/\/bibliovaud.ch\/?post_type=tribe_events&#038;p=14485"},"modified":"2022-12-05T15:19:21","modified_gmt":"2022-12-05T14:19:21","slug":"bebe-a-la-page-4","status":"publish","type":"tribe_events","link":"https:\/\/bibliovaud.ch\/?tribe_events=bebe-a-la-page-4","title":{"rendered":"B\u00e9b\u00e9 \u00e0 la page"},"content":{"rendered":"<a href=\"https:\/\/bibliovaud.ch\/?tribe_events=bebe-a-la-page-4\"><img loading=\"lazy\" decoding=\"async\" width=\"170\" height=\"170\" src=\"https:\/\/bibliovaud.ch\/wp-content\/uploads\/BebeAlaPage-170x170.png\" class=\"alignleft post-theming-left wp-post-image\" alt=\"\" srcset=\"https:\/\/bibliovaud.ch\/wp-content\/uploads\/BebeAlaPage-170x170.png 170w, https:\/\/bibliovaud.ch\/wp-content\/uploads\/BebeAlaPage-100x100.png 100w\" sizes=\"auto, (max-width: 170px) 85vw, 170px\" \/><\/a>SA 14.01 \/ 04.02 \/ 04.03 \/ 01.04 \/ 06.05 \/ 03.06 \n9h &#8211; 9h45\nAvec Flora Trivelli\nPour les enfants de 0 \u00e0 3 ans accompagn\u00e9\u2022e\u2022s d\u2019un\u2022e adulte\nNous vous invitons \u00e0 un voyage \u00e0 travers l\u2019imaginaire des livres piment\u00e9 de quelques escales en comptines et chansons. Un \u00e9veil au livre et \u00e0 la musique, mais aussi un moment de lien et de partage avec votre enfant, ainsi que de rencontre avec d\u2019autres familles.\nMusicienne et \u00e9ducatrice de l\u2019enfance, Flora Trivelli adore cr\u00e9er des ponts entre les familles et la musique. Avec B\u00e9b\u00e9 lit et Zig Zag, Flora accueille chaque mois les familles [...]<div class=\"post-theming-cleared\"> <\/div>","protected":false},"excerpt":{"rendered":"<a href=\"https:\/\/bibliovaud.ch\/?tribe_events=bebe-a-la-page-4\"><img width=\"170\" height=\"170\" src=\"https:\/\/bibliovaud.ch\/wp-content\/uploads\/BebeAlaPage-170x170.png\" class=\"alignleft post-theming-left wp-post-image\" alt=\"\" decoding=\"async\" loading=\"lazy\" srcset=\"https:\/\/bibliovaud.ch\/wp-content\/uploads\/BebeAlaPage-170x170.png 170w, https:\/\/bibliovaud.ch\/wp-content\/uploads\/BebeAlaPage-100x100.png 100w\" sizes=\"auto, (max-width: 170px) 85vw, 170px\" \/><\/a>SA 14.01 \/ 04.02 \/ 04.03 \/ 01.04 \/ 06.05 \/ 03.06 9h &#8211; 9h45 Avec Flora Trivelli Pour les enfants de 0 \u00e0 3 ans accompagn\u00e9\u2022e\u2022s d\u2019un\u2022e adulte Nous &hellip; Continuer la lecture de &laquo;&nbsp;B\u00e9b\u00e9 \u00e0 la page&nbsp;&raquo;\n<div class=\"post-theming-cleared\"> <\/div>","protected":false},"author":10,"featured_media":14479,"template":"","meta":{"om_disable_all_campaigns":false,"_monsterinsights_skip_tracking":false,"_monsterinsights_sitenote_active":false,"_monsterinsights_sitenote_note":"","_monsterinsights_sitenote_category":0,"_tribe_events_status":"","_tribe_events_status_reason":"","footnotes":""},"tags":[],"tribe_events_cat":[364],"class_list":["post-14485","tribe_events","type-tribe_events","status-publish","has-post-thumbnail","hentry","tribe_events_cat-atelier","cat_atelier"],"aioseo_notices":[],"_links":{"self":[{"href":"https:\/\/bibliovaud.ch\/index.php?rest_route=\/wp\/v2\/tribe_events\/14485","targetHints":{"allow":["GET"]}}],"collection":[{"href":"https:\/\/bibliovaud.ch\/index.php?rest_route=\/wp\/v2\/tribe_events"}],"about":[{"href":"https:\/\/bibliovaud.ch\/index.php?rest_route=\/wp\/v2\/types\/tribe_events"}],"author":[{"embeddable":true,"href":"https:\/\/bibliovaud.ch\/index.php?rest_route=\/wp\/v2\/users\/10"}],"version-history":[{"count":1,"href":"https:\/\/bibliovaud.ch\/index.php?rest_route=\/wp\/v2\/tribe_events\/14485\/revisions"}],"predecessor-version":[{"id":14486,"href":"https:\/\/bibliovaud.ch\/index.php?rest_route=\/wp\/v2\/tribe_events\/14485\/revisions\/14486"}],"wp:featuredmedia":[{"embeddable":true,"href":"https:\/\/bibliovaud.ch\/index.php?rest_route=\/wp\/v2\/media\/14479"}],"wp:attachment":[{"href":"https:\/\/bibliovaud.ch\/index.php?rest_route=%2Fwp%2Fv2%2Fmedia&parent=14485"}],"wp:term":[{"taxonomy":"post_tag","embeddable":true,"href":"https:\/\/bibliovaud.ch\/index.php?rest_route=%2Fwp%2Fv2%2Ftags&post=14485"},{"taxonomy":"tribe_events_cat","embeddable":true,"href":"https:\/\/bibliovaud.ch\/index.php?rest_route=%2Fwp%2Fv2%2Ftribe_events_cat&post=14485"}],"curies":[{"name":"wp","href":"https:\/\/api.w.org\/{rel}","templated":true}]}}

Bébé à la page

<a href="https://bibliovaud.ch/?tribe_events=bebe-a-la-page-4"><img loading="lazy" decoding="async" width="170" height="170" src="https://bibliovaud.ch/wp-content/uploads/BebeAlaPage-170x170.png" class="alignleft post-theming-left wp-post-image" alt="" srcset="https://bibliovaud.ch/wp-content/uploads/BebeAlaPage-170x170.png 170w, https://bibliovaud.ch/wp-content/uploads/BebeAlaPage-100x100.png 100w" sizes="auto, (max-width: 170px) 85vw, 170px" /></a>SA 14.01 / 04.02 / 04.03 / 01.04 / 06.05 / 03.06 
9h &#8211; 9h45
Avec Flora Trivelli
Pour les enfants de 0 à 3 ans accompagné•e•s d’un•e adulte
Nous vous invitons à un voyage à travers l’imaginaire des livres pimenté de quelques escales en comptines et chansons. Un éveil au livre et à la musique, mais aussi un moment de lien et de partage avec votre enfant, ainsi que de rencontre avec d’autres familles.
Musicienne et éducatrice de l’enfance, Flora Trivelli adore créer des ponts entre les familles et la musique. Avec Bébé lit et Zig Zag, Flora accueille chaque mois les familles [...]<div class="post-theming-cleared"> </div>

<a href="https://bibliovaud.ch/?tribe_events=bebe-a-la-page-4"><img width="170" height="170" src="https://bibliovaud.ch/wp-content/uploads/BebeAlaPage-170x170.png" class="alignleft post-theming-left wp-post-image" alt="" decoding="async" loading="lazy" srcset="https://bibliovaud.ch/wp-content/uploads/BebeAlaPage-170x170.png 170w, https://bibliovaud.ch/wp-content/uploads/BebeAlaPage-100x100.png 100w" sizes="auto, (max-width: 170px) 85vw, 170px" /></a>SA 14.01 / 04.02 / 04.03 / 01.04 / 06.05 / 03.06 9h &#8211; 9h45 Avec Flora Trivelli Pour les enfants de 0 à 3 ans accompagné•e•s d’un•e adulte Nous &hellip; Continuer la lecture de &laquo;&nbsp;Bébé à la page&nbsp;&raquo;
<div class="post-theming-cleared"> </div>
