{"id":14499,"date":"2022-12-05T14:55:28","date_gmt":"2022-12-05T13:55:28","guid":{"rendered":"https:\/\/bibliovaud.ch\/?post_type=tribe_events&#038;p=14499"},"modified":"2022-12-05T15:19:06","modified_gmt":"2022-12-05T14:19:06","slug":"zig-zag-8","status":"publish","type":"tribe_events","link":"https:\/\/bibliovaud.ch\/?tribe_events=zig-zag-8","title":{"rendered":"Zig Zag"},"content":{"rendered":"<a href=\"https:\/\/bibliovaud.ch\/?tribe_events=zig-zag-8\"><img loading=\"lazy\" decoding=\"async\" width=\"170\" height=\"170\" src=\"https:\/\/bibliovaud.ch\/wp-content\/uploads\/zigzag-170x170.png\" class=\"alignleft post-theming-left wp-post-image\" alt=\"\" srcset=\"https:\/\/bibliovaud.ch\/wp-content\/uploads\/zigzag-170x170.png 170w, https:\/\/bibliovaud.ch\/wp-content\/uploads\/zigzag-100x100.png 100w\" sizes=\"auto, (max-width: 170px) 85vw, 170px\" \/><\/a>SA 14.01 \/ 04.02 \/ 04.03 \/ 01.04 \/ 06.05 \/ 03.06 \u00a0\n10h30-11h15\nAvec Flora Trivelli\nPour les enfants de 4 \u00e0 6 ans accompagn\u00e9\u2022e\u2022s d\u2019un\u2022e adult\u2022e\nZig, venez en famille d\u00e9couvrir des histoires ! Zag, mais aussi des comptines \u00e0 chanter et \u00e0 mimer ensemble !\nUn \u00e9veil au livre et \u00e0 la musique. Un moment de lien et de partage avec votre enfant, ainsi que de rencontre avec d\u2019autres familles.\nMusicienne et \u00e9ducatrice de l\u2019enfance, Flora Trivelli adore cr\u00e9er des ponts entre les familles et la musique. Avec B\u00e9b\u00e9 lit et Zig Zag, Flora accueille chaque mois les familles de tout-petits en chanson.\nZig [...]<div class=\"post-theming-cleared\"> <\/div>","protected":false},"excerpt":{"rendered":"<a href=\"https:\/\/bibliovaud.ch\/?tribe_events=zig-zag-8\"><img width=\"170\" height=\"170\" src=\"https:\/\/bibliovaud.ch\/wp-content\/uploads\/zigzag-170x170.png\" class=\"alignleft post-theming-left wp-post-image\" alt=\"\" decoding=\"async\" loading=\"lazy\" srcset=\"https:\/\/bibliovaud.ch\/wp-content\/uploads\/zigzag-170x170.png 170w, https:\/\/bibliovaud.ch\/wp-content\/uploads\/zigzag-100x100.png 100w\" sizes=\"auto, (max-width: 170px) 85vw, 170px\" \/><\/a>SA 14.01 \/ 04.02 \/ 04.03 \/ 01.04 \/ 06.05 \/ 03.06 \u00a0 10h30-11h15 Avec Flora Trivelli Pour les enfants de 4 \u00e0 6 ans accompagn\u00e9\u2022e\u2022s d\u2019un\u2022e adult\u2022e Zig, venez &hellip; Continuer la lecture de &laquo;&nbsp;Zig Zag&nbsp;&raquo;\n<div class=\"post-theming-cleared\"> <\/div>","protected":false},"author":10,"featured_media":14493,"template":"","meta":{"om_disable_all_campaigns":false,"_monsterinsights_skip_tracking":false,"_monsterinsights_sitenote_active":false,"_monsterinsights_sitenote_note":"","_monsterinsights_sitenote_category":0,"_tribe_events_status":"","_tribe_events_status_reason":"","footnotes":""},"tags":[],"tribe_events_cat":[364],"class_list":["post-14499","tribe_events","type-tribe_events","status-publish","has-post-thumbnail","hentry","tribe_events_cat-atelier","cat_atelier"],"aioseo_notices":[],"_links":{"self":[{"href":"https:\/\/bibliovaud.ch\/index.php?rest_route=\/wp\/v2\/tribe_events\/14499","targetHints":{"allow":["GET"]}}],"collection":[{"href":"https:\/\/bibliovaud.ch\/index.php?rest_route=\/wp\/v2\/tribe_events"}],"about":[{"href":"https:\/\/bibliovaud.ch\/index.php?rest_route=\/wp\/v2\/types\/tribe_events"}],"author":[{"embeddable":true,"href":"https:\/\/bibliovaud.ch\/index.php?rest_route=\/wp\/v2\/users\/10"}],"version-history":[{"count":1,"href":"https:\/\/bibliovaud.ch\/index.php?rest_route=\/wp\/v2\/tribe_events\/14499\/revisions"}],"predecessor-version":[{"id":14500,"href":"https:\/\/bibliovaud.ch\/index.php?rest_route=\/wp\/v2\/tribe_events\/14499\/revisions\/14500"}],"wp:featuredmedia":[{"embeddable":true,"href":"https:\/\/bibliovaud.ch\/index.php?rest_route=\/wp\/v2\/media\/14493"}],"wp:attachment":[{"href":"https:\/\/bibliovaud.ch\/index.php?rest_route=%2Fwp%2Fv2%2Fmedia&parent=14499"}],"wp:term":[{"taxonomy":"post_tag","embeddable":true,"href":"https:\/\/bibliovaud.ch\/index.php?rest_route=%2Fwp%2Fv2%2Ftags&post=14499"},{"taxonomy":"tribe_events_cat","embeddable":true,"href":"https:\/\/bibliovaud.ch\/index.php?rest_route=%2Fwp%2Fv2%2Ftribe_events_cat&post=14499"}],"curies":[{"name":"wp","href":"https:\/\/api.w.org\/{rel}","templated":true}]}}

<a href="https://bibliovaud.ch/?tribe_events=zig-zag-8"><img loading="lazy" decoding="async" width="170" height="170" src="https://bibliovaud.ch/wp-content/uploads/zigzag-170x170.png" class="alignleft post-theming-left wp-post-image" alt="" srcset="https://bibliovaud.ch/wp-content/uploads/zigzag-170x170.png 170w, https://bibliovaud.ch/wp-content/uploads/zigzag-100x100.png 100w" sizes="auto, (max-width: 170px) 85vw, 170px" /></a>SA 14.01 / 04.02 / 04.03 / 01.04 / 06.05 / 03.06  
10h30-11h15
Avec Flora Trivelli
Pour les enfants de 4 à 6 ans accompagné•e•s d’un•e adult•e
Zig, venez en famille découvrir des histoires ! Zag, mais aussi des comptines à chanter et à mimer ensemble !
Un éveil au livre et à la musique. Un moment de lien et de partage avec votre enfant, ainsi que de rencontre avec d’autres familles.
Musicienne et éducatrice de l’enfance, Flora Trivelli adore créer des ponts entre les familles et la musique. Avec Bébé lit et Zig Zag, Flora accueille chaque mois les familles de tout-petits en chanson.
Zig [...]<div class="post-theming-cleared"> </div>

<a href="https://bibliovaud.ch/?tribe_events=zig-zag-8"><img width="170" height="170" src="https://bibliovaud.ch/wp-content/uploads/zigzag-170x170.png" class="alignleft post-theming-left wp-post-image" alt="" decoding="async" loading="lazy" srcset="https://bibliovaud.ch/wp-content/uploads/zigzag-170x170.png 170w, https://bibliovaud.ch/wp-content/uploads/zigzag-100x100.png 100w" sizes="auto, (max-width: 170px) 85vw, 170px" /></a>SA 14.01 / 04.02 / 04.03 / 01.04 / 06.05 / 03.06   10h30-11h15 Avec Flora Trivelli Pour les enfants de 4 à 6 ans accompagné•e•s d’un•e adult•e Zig, venez &hellip; Continuer la lecture de &laquo;&nbsp;Zig Zag&nbsp;&raquo;
<div class="post-theming-cleared"> </div>
