{"id":14611,"date":"2022-12-05T16:41:22","date_gmt":"2022-12-05T15:41:22","guid":{"rendered":"https:\/\/bibliovaud.ch\/?post_type=tribe_events&#038;p=14611"},"modified":"2022-12-05T16:41:22","modified_gmt":"2022-12-05T15:41:22","slug":"evita-kone","status":"publish","type":"tribe_events","link":"https:\/\/bibliovaud.ch\/?tribe_events=evita-kone","title":{"rendered":"Evita Kon\u00e9"},"content":{"rendered":"<a href=\"https:\/\/bibliovaud.ch\/?tribe_events=evita-kone\"><img loading=\"lazy\" decoding=\"async\" width=\"170\" height=\"170\" src=\"https:\/\/bibliovaud.ch\/wp-content\/uploads\/EvitaKone-170x170.png\" class=\"alignleft post-theming-left wp-post-image\" alt=\"\" srcset=\"https:\/\/bibliovaud.ch\/wp-content\/uploads\/EvitaKone-170x170.png 170w, https:\/\/bibliovaud.ch\/wp-content\/uploads\/EvitaKone-100x100.png 100w\" sizes=\"auto, (max-width: 170px) 85vw, 170px\" \/><\/a>Concert Sandwich\nApr\u00e8s le Cully Jazz et le Montreux Jazz, c\u2019est \u00e0 la Biblio que se rend Evita Kon\u00e9 ! Cette chanteuse qui rappe (ou rappeuse qui chante), autrice et interpr\u00e8te am\u00e9ricano-suisse-tchadienne, nous fera r\u00eaver sur ses sons neo soul, hip-hop et RnB. On a h\u00e2te ! \nVenez profiter d&#8217;un concert sur votre pause de midi ! Tupperware et casse-cro\u00fbtes bienvenus.\n<div class=\"post-theming-cleared\"> <\/div>","protected":false},"excerpt":{"rendered":"<a href=\"https:\/\/bibliovaud.ch\/?tribe_events=evita-kone\"><img width=\"170\" height=\"170\" src=\"https:\/\/bibliovaud.ch\/wp-content\/uploads\/EvitaKone-170x170.png\" class=\"alignleft post-theming-left wp-post-image\" alt=\"\" decoding=\"async\" loading=\"lazy\" srcset=\"https:\/\/bibliovaud.ch\/wp-content\/uploads\/EvitaKone-170x170.png 170w, https:\/\/bibliovaud.ch\/wp-content\/uploads\/EvitaKone-100x100.png 100w\" sizes=\"auto, (max-width: 170px) 85vw, 170px\" \/><\/a>Concert Sandwich Apr\u00e8s le Cully Jazz et le Montreux Jazz, c\u2019est \u00e0 la Biblio que se rend Evita Kon\u00e9 ! Cette chanteuse qui rappe (ou rappeuse qui chante), autrice et &hellip; Continuer la lecture de &laquo;&nbsp;Evita Kon\u00e9&nbsp;&raquo;\n<div class=\"post-theming-cleared\"> <\/div>","protected":false},"author":10,"featured_media":14612,"template":"","meta":{"om_disable_all_campaigns":false,"_monsterinsights_skip_tracking":false,"_monsterinsights_sitenote_active":false,"_monsterinsights_sitenote_note":"","_monsterinsights_sitenote_category":0,"_tribe_events_status":"","_tribe_events_status_reason":"","footnotes":""},"tags":[],"tribe_events_cat":[508],"class_list":["post-14611","tribe_events","type-tribe_events","status-publish","has-post-thumbnail","hentry","tribe_events_cat-concert","cat_concert"],"aioseo_notices":[],"_links":{"self":[{"href":"https:\/\/bibliovaud.ch\/index.php?rest_route=\/wp\/v2\/tribe_events\/14611","targetHints":{"allow":["GET"]}}],"collection":[{"href":"https:\/\/bibliovaud.ch\/index.php?rest_route=\/wp\/v2\/tribe_events"}],"about":[{"href":"https:\/\/bibliovaud.ch\/index.php?rest_route=\/wp\/v2\/types\/tribe_events"}],"author":[{"embeddable":true,"href":"https:\/\/bibliovaud.ch\/index.php?rest_route=\/wp\/v2\/users\/10"}],"version-history":[{"count":1,"href":"https:\/\/bibliovaud.ch\/index.php?rest_route=\/wp\/v2\/tribe_events\/14611\/revisions"}],"predecessor-version":[{"id":14613,"href":"https:\/\/bibliovaud.ch\/index.php?rest_route=\/wp\/v2\/tribe_events\/14611\/revisions\/14613"}],"wp:featuredmedia":[{"embeddable":true,"href":"https:\/\/bibliovaud.ch\/index.php?rest_route=\/wp\/v2\/media\/14612"}],"wp:attachment":[{"href":"https:\/\/bibliovaud.ch\/index.php?rest_route=%2Fwp%2Fv2%2Fmedia&parent=14611"}],"wp:term":[{"taxonomy":"post_tag","embeddable":true,"href":"https:\/\/bibliovaud.ch\/index.php?rest_route=%2Fwp%2Fv2%2Ftags&post=14611"},{"taxonomy":"tribe_events_cat","embeddable":true,"href":"https:\/\/bibliovaud.ch\/index.php?rest_route=%2Fwp%2Fv2%2Ftribe_events_cat&post=14611"}],"curies":[{"name":"wp","href":"https:\/\/api.w.org\/{rel}","templated":true}]}}

Evita Koné

<a href="https://bibliovaud.ch/?tribe_events=evita-kone"><img loading="lazy" decoding="async" width="170" height="170" src="https://bibliovaud.ch/wp-content/uploads/EvitaKone-170x170.png" class="alignleft post-theming-left wp-post-image" alt="" srcset="https://bibliovaud.ch/wp-content/uploads/EvitaKone-170x170.png 170w, https://bibliovaud.ch/wp-content/uploads/EvitaKone-100x100.png 100w" sizes="auto, (max-width: 170px) 85vw, 170px" /></a>Concert Sandwich
Après le Cully Jazz et le Montreux Jazz, c’est à la Biblio que se rend Evita Koné ! Cette chanteuse qui rappe (ou rappeuse qui chante), autrice et interprète américano-suisse-tchadienne, nous fera rêver sur ses sons neo soul, hip-hop et RnB. On a hâte ! 
Venez profiter d&#8217;un concert sur votre pause de midi ! Tupperware et casse-croûtes bienvenus.
<div class="post-theming-cleared"> </div>

<a href="https://bibliovaud.ch/?tribe_events=evita-kone"><img width="170" height="170" src="https://bibliovaud.ch/wp-content/uploads/EvitaKone-170x170.png" class="alignleft post-theming-left wp-post-image" alt="" decoding="async" loading="lazy" srcset="https://bibliovaud.ch/wp-content/uploads/EvitaKone-170x170.png 170w, https://bibliovaud.ch/wp-content/uploads/EvitaKone-100x100.png 100w" sizes="auto, (max-width: 170px) 85vw, 170px" /></a>Concert Sandwich Après le Cully Jazz et le Montreux Jazz, c’est à la Biblio que se rend Evita Koné ! Cette chanteuse qui rappe (ou rappeuse qui chante), autrice et &hellip; Continuer la lecture de &laquo;&nbsp;Evita Koné&nbsp;&raquo;
<div class="post-theming-cleared"> </div>
