{"id":14705,"date":"2023-01-19T18:16:06","date_gmt":"2023-01-19T17:16:06","guid":{"rendered":"https:\/\/bibliovaud.ch\/?post_type=tribe_events&#038;p=14705"},"modified":"2023-02-01T09:43:38","modified_gmt":"2023-02-01T08:43:38","slug":"recital-pugilistique-la-gale-virus-pierre-audetat","status":"publish","type":"tribe_events","link":"https:\/\/bibliovaud.ch\/?tribe_events=recital-pugilistique-la-gale-virus-pierre-audetat","title":{"rendered":"R\u00e9cital Pugilistique: La Gale, V\u00eerus &amp; Pierre Aud\u00e9tat"},"content":{"rendered":"<a href=\"https:\/\/bibliovaud.ch\/?tribe_events=recital-pugilistique-la-gale-virus-pierre-audetat\"><img loading=\"lazy\" decoding=\"async\" width=\"170\" height=\"170\" src=\"https:\/\/bibliovaud.ch\/wp-content\/uploads\/La-Gale-\u00a9-Cynthia-Mai-Ammann_Fondation-vaudoise-pour-la-culture-170x170.jpg\" class=\"alignleft post-theming-left wp-post-image\" alt=\"\" srcset=\"https:\/\/bibliovaud.ch\/wp-content\/uploads\/La-Gale-\u00a9-Cynthia-Mai-Ammann_Fondation-vaudoise-pour-la-culture-170x170.jpg 170w, https:\/\/bibliovaud.ch\/wp-content\/uploads\/La-Gale-\u00a9-Cynthia-Mai-Ammann_Fondation-vaudoise-pour-la-culture-100x100.jpg 100w\" sizes=\"auto, (max-width: 170px) 85vw, 170px\" \/><\/a> La Gale \u00a9 Cynthia Mai Ammann_Fondation vaudoise pour la culture\nConcert\nDeux monstres s\u2019aiment, s\u2019affronteraient presqueCe projet r\u00e9unit le parcours et la destin\u00e9e tragique-\u00e9pique de deux amoureu\u00b7ses de la po\u00e9sie, de l\u2019art, avant-gardistes et anticonformistes. Mina Loy, autrice du Feminist Manifesto en 1914, est po\u00e9tesse, dramaturge, peintre et romanci\u00e8re\u00a0; elle entame \u00e0 la plume et au pinceau la destruction du vieux monde qui la conscrit. Arthur Cravan, n\u00e9 \u00e0 Lausanne, est po\u00e8te, boxeur, conf\u00e9rencier, vagabond\u00a0; il a myst\u00e9rieusement disparu au large du golfe du Mexique en 1918.\nR\u00e9unir Loy et Cravan est une premi\u00e8re\u00a0: La Gale, V\u00eerus et Pierre [...]<div class=\"post-theming-cleared\"> <\/div>","protected":false},"excerpt":{"rendered":"<a href=\"https:\/\/bibliovaud.ch\/?tribe_events=recital-pugilistique-la-gale-virus-pierre-audetat\"><img width=\"170\" height=\"170\" src=\"https:\/\/bibliovaud.ch\/wp-content\/uploads\/La-Gale-\u00a9-Cynthia-Mai-Ammann_Fondation-vaudoise-pour-la-culture-170x170.jpg\" class=\"alignleft post-theming-left wp-post-image\" alt=\"\" decoding=\"async\" loading=\"lazy\" srcset=\"https:\/\/bibliovaud.ch\/wp-content\/uploads\/La-Gale-\u00a9-Cynthia-Mai-Ammann_Fondation-vaudoise-pour-la-culture-170x170.jpg 170w, https:\/\/bibliovaud.ch\/wp-content\/uploads\/La-Gale-\u00a9-Cynthia-Mai-Ammann_Fondation-vaudoise-pour-la-culture-100x100.jpg 100w\" sizes=\"auto, (max-width: 170px) 85vw, 170px\" \/><\/a>Concert Deux monstres s\u2019aiment, s\u2019affronteraient presqueCe projet r\u00e9unit le parcours et la destin\u00e9e tragique-\u00e9pique de deux amoureu\u00b7ses de la po\u00e9sie, de l\u2019art, avant-gardistes et anticonformistes. Mina Loy, autrice du Feminist &hellip; Continuer la lecture de &laquo;&nbsp;R\u00e9cital Pugilistique: La Gale, V\u00eerus &amp; Pierre Aud\u00e9tat&nbsp;&raquo;\n<div class=\"post-theming-cleared\"> <\/div>","protected":false},"author":56,"featured_media":14706,"template":"","meta":{"om_disable_all_campaigns":false,"_monsterinsights_skip_tracking":false,"_monsterinsights_sitenote_active":false,"_monsterinsights_sitenote_note":"","_monsterinsights_sitenote_category":0,"_tribe_events_status":"","_tribe_events_status_reason":"","footnotes":""},"tags":[],"tribe_events_cat":[508],"class_list":["post-14705","tribe_events","type-tribe_events","status-publish","has-post-thumbnail","hentry","tribe_events_cat-concert","cat_concert"],"aioseo_notices":[],"_links":{"self":[{"href":"https:\/\/bibliovaud.ch\/index.php?rest_route=\/wp\/v2\/tribe_events\/14705","targetHints":{"allow":["GET"]}}],"collection":[{"href":"https:\/\/bibliovaud.ch\/index.php?rest_route=\/wp\/v2\/tribe_events"}],"about":[{"href":"https:\/\/bibliovaud.ch\/index.php?rest_route=\/wp\/v2\/types\/tribe_events"}],"author":[{"embeddable":true,"href":"https:\/\/bibliovaud.ch\/index.php?rest_route=\/wp\/v2\/users\/56"}],"version-history":[{"count":3,"href":"https:\/\/bibliovaud.ch\/index.php?rest_route=\/wp\/v2\/tribe_events\/14705\/revisions"}],"predecessor-version":[{"id":14727,"href":"https:\/\/bibliovaud.ch\/index.php?rest_route=\/wp\/v2\/tribe_events\/14705\/revisions\/14727"}],"wp:featuredmedia":[{"embeddable":true,"href":"https:\/\/bibliovaud.ch\/index.php?rest_route=\/wp\/v2\/media\/14706"}],"wp:attachment":[{"href":"https:\/\/bibliovaud.ch\/index.php?rest_route=%2Fwp%2Fv2%2Fmedia&parent=14705"}],"wp:term":[{"taxonomy":"post_tag","embeddable":true,"href":"https:\/\/bibliovaud.ch\/index.php?rest_route=%2Fwp%2Fv2%2Ftags&post=14705"},{"taxonomy":"tribe_events_cat","embeddable":true,"href":"https:\/\/bibliovaud.ch\/index.php?rest_route=%2Fwp%2Fv2%2Ftribe_events_cat&post=14705"}],"curies":[{"name":"wp","href":"https:\/\/api.w.org\/{rel}","templated":true}]}}

Récital Pugilistique: La Gale, Vîrus &amp; Pierre Audétat

<a href="https://bibliovaud.ch/?tribe_events=recital-pugilistique-la-gale-virus-pierre-audetat"><img loading="lazy" decoding="async" width="170" height="170" src="https://bibliovaud.ch/wp-content/uploads/La-Gale-©-Cynthia-Mai-Ammann_Fondation-vaudoise-pour-la-culture-170x170.jpg" class="alignleft post-theming-left wp-post-image" alt="" srcset="https://bibliovaud.ch/wp-content/uploads/La-Gale-©-Cynthia-Mai-Ammann_Fondation-vaudoise-pour-la-culture-170x170.jpg 170w, https://bibliovaud.ch/wp-content/uploads/La-Gale-©-Cynthia-Mai-Ammann_Fondation-vaudoise-pour-la-culture-100x100.jpg 100w" sizes="auto, (max-width: 170px) 85vw, 170px" /></a> La Gale © Cynthia Mai Ammann_Fondation vaudoise pour la culture
Concert
Deux monstres s’aiment, s’affronteraient presqueCe projet réunit le parcours et la destinée tragique-épique de deux amoureu·ses de la poésie, de l’art, avant-gardistes et anticonformistes. Mina Loy, autrice du Feminist Manifesto en 1914, est poétesse, dramaturge, peintre et romancière ; elle entame à la plume et au pinceau la destruction du vieux monde qui la conscrit. Arthur Cravan, né à Lausanne, est poète, boxeur, conférencier, vagabond ; il a mystérieusement disparu au large du golfe du Mexique en 1918.
Réunir Loy et Cravan est une première : La Gale, Vîrus et Pierre [...]<div class="post-theming-cleared"> </div>

<a href="https://bibliovaud.ch/?tribe_events=recital-pugilistique-la-gale-virus-pierre-audetat"><img width="170" height="170" src="https://bibliovaud.ch/wp-content/uploads/La-Gale-©-Cynthia-Mai-Ammann_Fondation-vaudoise-pour-la-culture-170x170.jpg" class="alignleft post-theming-left wp-post-image" alt="" decoding="async" loading="lazy" srcset="https://bibliovaud.ch/wp-content/uploads/La-Gale-©-Cynthia-Mai-Ammann_Fondation-vaudoise-pour-la-culture-170x170.jpg 170w, https://bibliovaud.ch/wp-content/uploads/La-Gale-©-Cynthia-Mai-Ammann_Fondation-vaudoise-pour-la-culture-100x100.jpg 100w" sizes="auto, (max-width: 170px) 85vw, 170px" /></a>Concert Deux monstres s’aiment, s’affronteraient presqueCe projet réunit le parcours et la destinée tragique-épique de deux amoureu·ses de la poésie, de l’art, avant-gardistes et anticonformistes. Mina Loy, autrice du Feminist &hellip; Continuer la lecture de &laquo;&nbsp;Récital Pugilistique: La Gale, Vîrus &amp; Pierre Audétat&nbsp;&raquo;
<div class="post-theming-cleared"> </div>
