{"id":14790,"date":"2023-03-07T08:20:32","date_gmt":"2023-03-07T07:20:32","guid":{"rendered":"https:\/\/bibliovaud.ch\/?post_type=tribe_events&#038;p=14790"},"modified":"2023-03-07T09:32:29","modified_gmt":"2023-03-07T08:32:29","slug":"cafechanges-table-ronde","status":"publish","type":"tribe_events","link":"https:\/\/bibliovaud.ch\/?tribe_events=cafechanges-table-ronde","title":{"rendered":"Caf&#8217;\u00c9changes &#8211; Table ronde"},"content":{"rendered":"<a href=\"https:\/\/bibliovaud.ch\/?tribe_events=cafechanges-table-ronde\"><img loading=\"lazy\" decoding=\"async\" width=\"170\" height=\"50\" src=\"https:\/\/bibliovaud.ch\/wp-content\/uploads\/cropped-banniere-3-170x50.png\" class=\"alignleft post-theming-left wp-post-image\" alt=\"\" \/><\/a>\r\nA vos agendas !\r\nDans le but de diversifier ses activit\u00e9s et de cr\u00e9er du lien entre ses membres, BiblioVaud lance Caf\u2019\u00c9changes, une premi\u00e8re table ronde sur le th\u00e8me : Multiculturalit\u00e9 en biblioth\u00e8que\u00a0&#8211; Ressources et bonnes pratiques.\r\nCette rencontre aura lieu : le lundi 3 avril, de 9h \u00e0 11h30, \u00e0 Globlivres, Rue Neuve 2 bis, 1020 Renens.\r\n\r\n\r\n\r\nEn pr\u00e9sence des intervenantes suivantes :\r\n\r\n\r\n\r\n\r\nInterBiblio, organisation fa\u00eeti\u00e8re des biblioth\u00e8ques interculturelles de toute la Suisse, Fribourg &#8211; Mme Illena Spinedi\r\nGloblivres, Renens &#8211; Mme Anne-Sophie Bovet\r\nA tous Livres, Monthey &#8211; Mme Nizama Hodzi\r\nLivr\u00c9change, Fribourg &#8211; Mme Anna Caldeira Tognola (en attente de confirmation)\r\n\r\n\r\n\r\n\u00a0 D\u00e9roul\u00e9 :\r\n\r\nTour de [...]<div class=\"post-theming-cleared\"> <\/div>","protected":false},"excerpt":{"rendered":"<a href=\"https:\/\/bibliovaud.ch\/?tribe_events=cafechanges-table-ronde\"><img width=\"170\" height=\"50\" src=\"https:\/\/bibliovaud.ch\/wp-content\/uploads\/cropped-banniere-3-170x50.png\" class=\"alignleft post-theming-left wp-post-image\" alt=\"\" decoding=\"async\" loading=\"lazy\" \/><\/a>A vos agendas ! Dans le but de diversifier ses activit\u00e9s et de cr\u00e9er du lien entre ses membres, BiblioVaud lance Caf\u2019\u00c9changes, une premi\u00e8re table ronde sur le th\u00e8me : &hellip; Continuer la lecture de &laquo;&nbsp;Caf&#8217;\u00c9changes &#8211; Table ronde&nbsp;&raquo;\n<div class=\"post-theming-cleared\"> <\/div>","protected":false},"author":30,"featured_media":7040,"template":"","meta":{"om_disable_all_campaigns":false,"_monsterinsights_skip_tracking":false,"_monsterinsights_sitenote_active":false,"_monsterinsights_sitenote_note":"","_monsterinsights_sitenote_category":0,"_tribe_events_status":"","_tribe_events_status_reason":"","footnotes":""},"tags":[],"tribe_events_cat":[516],"class_list":["post-14790","tribe_events","type-tribe_events","status-publish","has-post-thumbnail","hentry","tribe_events_cat-association-bibliovaud","cat_association-bibliovaud"],"aioseo_notices":[],"_links":{"self":[{"href":"https:\/\/bibliovaud.ch\/index.php?rest_route=\/wp\/v2\/tribe_events\/14790","targetHints":{"allow":["GET"]}}],"collection":[{"href":"https:\/\/bibliovaud.ch\/index.php?rest_route=\/wp\/v2\/tribe_events"}],"about":[{"href":"https:\/\/bibliovaud.ch\/index.php?rest_route=\/wp\/v2\/types\/tribe_events"}],"author":[{"embeddable":true,"href":"https:\/\/bibliovaud.ch\/index.php?rest_route=\/wp\/v2\/users\/30"}],"version-history":[{"count":5,"href":"https:\/\/bibliovaud.ch\/index.php?rest_route=\/wp\/v2\/tribe_events\/14790\/revisions"}],"predecessor-version":[{"id":14808,"href":"https:\/\/bibliovaud.ch\/index.php?rest_route=\/wp\/v2\/tribe_events\/14790\/revisions\/14808"}],"wp:featuredmedia":[{"embeddable":true,"href":"https:\/\/bibliovaud.ch\/index.php?rest_route=\/wp\/v2\/media\/7040"}],"wp:attachment":[{"href":"https:\/\/bibliovaud.ch\/index.php?rest_route=%2Fwp%2Fv2%2Fmedia&parent=14790"}],"wp:term":[{"taxonomy":"post_tag","embeddable":true,"href":"https:\/\/bibliovaud.ch\/index.php?rest_route=%2Fwp%2Fv2%2Ftags&post=14790"},{"taxonomy":"tribe_events_cat","embeddable":true,"href":"https:\/\/bibliovaud.ch\/index.php?rest_route=%2Fwp%2Fv2%2Ftribe_events_cat&post=14790"}],"curies":[{"name":"wp","href":"https:\/\/api.w.org\/{rel}","templated":true}]}}

Caf&#8217;Échanges &#8211; Table ronde

<a href="https://bibliovaud.ch/?tribe_events=cafechanges-table-ronde"><img loading="lazy" decoding="async" width="170" height="50" src="https://bibliovaud.ch/wp-content/uploads/cropped-banniere-3-170x50.png" class="alignleft post-theming-left wp-post-image" alt="" /></a>
A vos agendas !
Dans le but de diversifier ses activités et de créer du lien entre ses membres, BiblioVaud lance Caf’Échanges, une première table ronde sur le thème : Multiculturalité en bibliothèque &#8211; Ressources et bonnes pratiques.
Cette rencontre aura lieu : le lundi 3 avril, de 9h à 11h30, à Globlivres, Rue Neuve 2 bis, 1020 Renens.



En présence des intervenantes suivantes :




InterBiblio, organisation faîtière des bibliothèques interculturelles de toute la Suisse, Fribourg &#8211; Mme Illena Spinedi
Globlivres, Renens &#8211; Mme Anne-Sophie Bovet
A tous Livres, Monthey &#8211; Mme Nizama Hodzi
LivrÉchange, Fribourg &#8211; Mme Anna Caldeira Tognola (en attente de confirmation)



  Déroulé :

Tour de [...]<div class="post-theming-cleared"> </div>

<a href="https://bibliovaud.ch/?tribe_events=cafechanges-table-ronde"><img width="170" height="50" src="https://bibliovaud.ch/wp-content/uploads/cropped-banniere-3-170x50.png" class="alignleft post-theming-left wp-post-image" alt="" decoding="async" loading="lazy" /></a>A vos agendas ! Dans le but de diversifier ses activités et de créer du lien entre ses membres, BiblioVaud lance Caf’Échanges, une première table ronde sur le thème : &hellip; Continuer la lecture de &laquo;&nbsp;Caf&#8217;Échanges &#8211; Table ronde&nbsp;&raquo;
<div class="post-theming-cleared"> </div>
