{"id":14841,"date":"2023-05-08T15:02:59","date_gmt":"2023-05-08T13:02:59","guid":{"rendered":"https:\/\/bibliovaud.ch\/?post_type=tribe_events&#038;p=14841"},"modified":"2023-05-08T15:07:00","modified_gmt":"2023-05-08T13:07:00","slug":"samedi-nature-a-bibliomedia-plantes-et-alimentation","status":"publish","type":"tribe_events","link":"https:\/\/bibliovaud.ch\/?tribe_events=samedi-nature-a-bibliomedia-plantes-et-alimentation","title":{"rendered":"Samedi nature \u00e0 Bibliomedia : plantes et alimentation"},"content":{"rendered":"<a href=\"https:\/\/bibliovaud.ch\/?tribe_events=samedi-nature-a-bibliomedia-plantes-et-alimentation\"><img loading=\"lazy\" decoding=\"async\" width=\"170\" height=\"170\" src=\"https:\/\/bibliovaud.ch\/wp-content\/uploads\/3_JUIN_RECTO_SITEWEB-170x170.jpg\" class=\"alignleft post-theming-left wp-post-image\" alt=\"\" srcset=\"https:\/\/bibliovaud.ch\/wp-content\/uploads\/3_JUIN_RECTO_SITEWEB-170x170.jpg 170w, https:\/\/bibliovaud.ch\/wp-content\/uploads\/3_JUIN_RECTO_SITEWEB-100x100.jpg 100w\" sizes=\"auto, (max-width: 170px) 85vw, 170px\" \/><\/a>Et si on parlait d\u2019alimentation et durabilit\u00e9 en biblioth\u00e8que\u00a0?\nBibliomedia y consacre toute une journ\u00e9e le samedi 3 juin 2023 de 10h \u00e0 17h. L\u2019occasion de d\u00e9couvrir des astuces pour vos plantations et de participer \u00e0 des ateliers pour petit\u00b7e\u00b7s et grand\u00b7e\u00b7s, des jeux, des trocs de graines, plantons et semis.\nEnfilez vos gants de jardinage et rejoignez-nous pour mettre les mains \u00e0 la terre\u00a0!\nCette manifestation s\u2019inscrit dans le cadre de notre programme 2023 ax\u00e9 en partie sur l\u2019Agenda 2030.\nPour voir le programme complet\u00a0: cliquez ici ou t\u00e9l\u00e9chargez le flyer.\nPour vous inscrire \u00e0 un atelier ou pour toute information compl\u00e9mentaire, \u00e9crivez-nous : [...]<div class=\"post-theming-cleared\"> <\/div>","protected":false},"excerpt":{"rendered":"<a href=\"https:\/\/bibliovaud.ch\/?tribe_events=samedi-nature-a-bibliomedia-plantes-et-alimentation\"><img width=\"170\" height=\"170\" src=\"https:\/\/bibliovaud.ch\/wp-content\/uploads\/3_JUIN_RECTO_SITEWEB-170x170.jpg\" class=\"alignleft post-theming-left wp-post-image\" alt=\"\" decoding=\"async\" loading=\"lazy\" srcset=\"https:\/\/bibliovaud.ch\/wp-content\/uploads\/3_JUIN_RECTO_SITEWEB-170x170.jpg 170w, https:\/\/bibliovaud.ch\/wp-content\/uploads\/3_JUIN_RECTO_SITEWEB-100x100.jpg 100w\" sizes=\"auto, (max-width: 170px) 85vw, 170px\" \/><\/a>Et si on parlait d\u2019alimentation et durabilit\u00e9 en biblioth\u00e8que\u00a0? Bibliomedia y consacre toute une journ\u00e9e le samedi 3 juin 2023 de 10h \u00e0 17h. L\u2019occasion de d\u00e9couvrir des astuces pour &hellip; Continuer la lecture de &laquo;&nbsp;Samedi nature \u00e0 Bibliomedia : plantes et alimentation&nbsp;&raquo;\n<div class=\"post-theming-cleared\"> <\/div>","protected":false},"author":6,"featured_media":14844,"template":"","meta":{"om_disable_all_campaigns":false,"_monsterinsights_skip_tracking":false,"_monsterinsights_sitenote_active":false,"_monsterinsights_sitenote_note":"","_monsterinsights_sitenote_category":0,"_tribe_events_status":"","_tribe_events_status_reason":"","footnotes":""},"tags":[],"tribe_events_cat":[364,366,372],"class_list":["post-14841","tribe_events","type-tribe_events","status-publish","has-post-thumbnail","hentry","tribe_events_cat-atelier","tribe_events_cat-evenement","tribe_events_cat-lecture","cat_atelier","cat_evenement","cat_lecture"],"aioseo_notices":[],"_links":{"self":[{"href":"https:\/\/bibliovaud.ch\/index.php?rest_route=\/wp\/v2\/tribe_events\/14841","targetHints":{"allow":["GET"]}}],"collection":[{"href":"https:\/\/bibliovaud.ch\/index.php?rest_route=\/wp\/v2\/tribe_events"}],"about":[{"href":"https:\/\/bibliovaud.ch\/index.php?rest_route=\/wp\/v2\/types\/tribe_events"}],"author":[{"embeddable":true,"href":"https:\/\/bibliovaud.ch\/index.php?rest_route=\/wp\/v2\/users\/6"}],"version-history":[{"count":5,"href":"https:\/\/bibliovaud.ch\/index.php?rest_route=\/wp\/v2\/tribe_events\/14841\/revisions"}],"predecessor-version":[{"id":14846,"href":"https:\/\/bibliovaud.ch\/index.php?rest_route=\/wp\/v2\/tribe_events\/14841\/revisions\/14846"}],"wp:featuredmedia":[{"embeddable":true,"href":"https:\/\/bibliovaud.ch\/index.php?rest_route=\/wp\/v2\/media\/14844"}],"wp:attachment":[{"href":"https:\/\/bibliovaud.ch\/index.php?rest_route=%2Fwp%2Fv2%2Fmedia&parent=14841"}],"wp:term":[{"taxonomy":"post_tag","embeddable":true,"href":"https:\/\/bibliovaud.ch\/index.php?rest_route=%2Fwp%2Fv2%2Ftags&post=14841"},{"taxonomy":"tribe_events_cat","embeddable":true,"href":"https:\/\/bibliovaud.ch\/index.php?rest_route=%2Fwp%2Fv2%2Ftribe_events_cat&post=14841"}],"curies":[{"name":"wp","href":"https:\/\/api.w.org\/{rel}","templated":true}]}}

Samedi nature à Bibliomedia : plantes et alimentation

<a href="https://bibliovaud.ch/?tribe_events=samedi-nature-a-bibliomedia-plantes-et-alimentation"><img loading="lazy" decoding="async" width="170" height="170" src="https://bibliovaud.ch/wp-content/uploads/3_JUIN_RECTO_SITEWEB-170x170.jpg" class="alignleft post-theming-left wp-post-image" alt="" srcset="https://bibliovaud.ch/wp-content/uploads/3_JUIN_RECTO_SITEWEB-170x170.jpg 170w, https://bibliovaud.ch/wp-content/uploads/3_JUIN_RECTO_SITEWEB-100x100.jpg 100w" sizes="auto, (max-width: 170px) 85vw, 170px" /></a>Et si on parlait d’alimentation et durabilité en bibliothèque ?
Bibliomedia y consacre toute une journée le samedi 3 juin 2023 de 10h à 17h. L’occasion de découvrir des astuces pour vos plantations et de participer à des ateliers pour petit·e·s et grand·e·s, des jeux, des trocs de graines, plantons et semis.
Enfilez vos gants de jardinage et rejoignez-nous pour mettre les mains à la terre !
Cette manifestation s’inscrit dans le cadre de notre programme 2023 axé en partie sur l’Agenda 2030.
Pour voir le programme complet : cliquez ici ou téléchargez le flyer.
Pour vous inscrire à un atelier ou pour toute information complémentaire, écrivez-nous : [...]<div class="post-theming-cleared"> </div>

<a href="https://bibliovaud.ch/?tribe_events=samedi-nature-a-bibliomedia-plantes-et-alimentation"><img width="170" height="170" src="https://bibliovaud.ch/wp-content/uploads/3_JUIN_RECTO_SITEWEB-170x170.jpg" class="alignleft post-theming-left wp-post-image" alt="" decoding="async" loading="lazy" srcset="https://bibliovaud.ch/wp-content/uploads/3_JUIN_RECTO_SITEWEB-170x170.jpg 170w, https://bibliovaud.ch/wp-content/uploads/3_JUIN_RECTO_SITEWEB-100x100.jpg 100w" sizes="auto, (max-width: 170px) 85vw, 170px" /></a>Et si on parlait d’alimentation et durabilité en bibliothèque ? Bibliomedia y consacre toute une journée le samedi 3 juin 2023 de 10h à 17h. L’occasion de découvrir des astuces pour &hellip; Continuer la lecture de &laquo;&nbsp;Samedi nature à Bibliomedia : plantes et alimentation&nbsp;&raquo;
<div class="post-theming-cleared"> </div>
