{"id":15282,"date":"2023-12-08T15:36:12","date_gmt":"2023-12-08T14:36:12","guid":{"rendered":"https:\/\/bibliovaud.ch\/?post_type=tribe_events&#038;p=15282"},"modified":"2023-12-08T15:36:12","modified_gmt":"2023-12-08T14:36:12","slug":"vevey-brode","status":"publish","type":"tribe_events","link":"https:\/\/bibliovaud.ch\/?tribe_events=vevey-brode","title":{"rendered":"Vevey brode !"},"content":{"rendered":"<a href=\"https:\/\/bibliovaud.ch\/?tribe_events=vevey-brode\"><img loading=\"lazy\" decoding=\"async\" width=\"170\" height=\"170\" src=\"https:\/\/bibliovaud.ch\/wp-content\/uploads\/35-170x170.jpg\" class=\"alignleft post-theming-left wp-post-image\" alt=\"\" srcset=\"https:\/\/bibliovaud.ch\/wp-content\/uploads\/35-170x170.jpg 170w, https:\/\/bibliovaud.ch\/wp-content\/uploads\/35-100x100.jpg 100w\" sizes=\"auto, (max-width: 170px) 85vw, 170px\" \/><\/a>Rendez-vous au Parc du Panorama, Rue du Clos 9\nReport\u00e9 en cas de mauvais temps au SA 08.06, merci de vous r\u00e9f\u00e9rer \u00e0 notre site internet\nAvec Lola Jungle\nTout public\nUne journ\u00e9e pour broder collectivement une petite partie de Vevey ! Une empreinte \u00e9ph\u00e9m\u00e8re pour la ville, mais un souvenir qui restera grav\u00e9 dans nos m\u00e9moires.\nPassez quand vous voulez, offrez le temps que vous d\u00e9sirez (2 minutes, 20 minutes, 2 heures ou une journ\u00e9e) et participez \u00e0 une broderie urbaine g\u00e9ante dirig\u00e9e par l\u2019artiste textile Lola Jungle.\n<div class=\"post-theming-cleared\"> <\/div>","protected":false},"excerpt":{"rendered":"<a href=\"https:\/\/bibliovaud.ch\/?tribe_events=vevey-brode\"><img width=\"170\" height=\"170\" src=\"https:\/\/bibliovaud.ch\/wp-content\/uploads\/35-170x170.jpg\" class=\"alignleft post-theming-left wp-post-image\" alt=\"\" decoding=\"async\" loading=\"lazy\" srcset=\"https:\/\/bibliovaud.ch\/wp-content\/uploads\/35-170x170.jpg 170w, https:\/\/bibliovaud.ch\/wp-content\/uploads\/35-100x100.jpg 100w\" sizes=\"auto, (max-width: 170px) 85vw, 170px\" \/><\/a>Rendez-vous au Parc du Panorama, Rue du Clos 9 Report\u00e9 en cas de mauvais temps au SA 08.06, merci de vous r\u00e9f\u00e9rer \u00e0 notre site internet Avec Lola Jungle Tout &hellip; Continuer la lecture de &laquo;&nbsp;Vevey brode !&nbsp;&raquo;\n<div class=\"post-theming-cleared\"> <\/div>","protected":false},"author":10,"featured_media":15283,"template":"","meta":{"om_disable_all_campaigns":false,"_monsterinsights_skip_tracking":false,"_monsterinsights_sitenote_active":false,"_monsterinsights_sitenote_note":"","_monsterinsights_sitenote_category":0,"_tribe_events_status":"","_tribe_events_status_reason":"","footnotes":""},"tags":[],"tribe_events_cat":[364],"class_list":["post-15282","tribe_events","type-tribe_events","status-publish","has-post-thumbnail","hentry","tribe_events_cat-atelier","cat_atelier"],"aioseo_notices":[],"_links":{"self":[{"href":"https:\/\/bibliovaud.ch\/index.php?rest_route=\/wp\/v2\/tribe_events\/15282","targetHints":{"allow":["GET"]}}],"collection":[{"href":"https:\/\/bibliovaud.ch\/index.php?rest_route=\/wp\/v2\/tribe_events"}],"about":[{"href":"https:\/\/bibliovaud.ch\/index.php?rest_route=\/wp\/v2\/types\/tribe_events"}],"author":[{"embeddable":true,"href":"https:\/\/bibliovaud.ch\/index.php?rest_route=\/wp\/v2\/users\/10"}],"version-history":[{"count":2,"href":"https:\/\/bibliovaud.ch\/index.php?rest_route=\/wp\/v2\/tribe_events\/15282\/revisions"}],"predecessor-version":[{"id":15287,"href":"https:\/\/bibliovaud.ch\/index.php?rest_route=\/wp\/v2\/tribe_events\/15282\/revisions\/15287"}],"wp:featuredmedia":[{"embeddable":true,"href":"https:\/\/bibliovaud.ch\/index.php?rest_route=\/wp\/v2\/media\/15283"}],"wp:attachment":[{"href":"https:\/\/bibliovaud.ch\/index.php?rest_route=%2Fwp%2Fv2%2Fmedia&parent=15282"}],"wp:term":[{"taxonomy":"post_tag","embeddable":true,"href":"https:\/\/bibliovaud.ch\/index.php?rest_route=%2Fwp%2Fv2%2Ftags&post=15282"},{"taxonomy":"tribe_events_cat","embeddable":true,"href":"https:\/\/bibliovaud.ch\/index.php?rest_route=%2Fwp%2Fv2%2Ftribe_events_cat&post=15282"}],"curies":[{"name":"wp","href":"https:\/\/api.w.org\/{rel}","templated":true}]}}

<a href="https://bibliovaud.ch/?tribe_events=vevey-brode"><img loading="lazy" decoding="async" width="170" height="170" src="https://bibliovaud.ch/wp-content/uploads/35-170x170.jpg" class="alignleft post-theming-left wp-post-image" alt="" srcset="https://bibliovaud.ch/wp-content/uploads/35-170x170.jpg 170w, https://bibliovaud.ch/wp-content/uploads/35-100x100.jpg 100w" sizes="auto, (max-width: 170px) 85vw, 170px" /></a>Rendez-vous au Parc du Panorama, Rue du Clos 9
Reporté en cas de mauvais temps au SA 08.06, merci de vous référer à notre site internet
Avec Lola Jungle
Tout public
Une journée pour broder collectivement une petite partie de Vevey ! Une empreinte éphémère pour la ville, mais un souvenir qui restera gravé dans nos mémoires.
Passez quand vous voulez, offrez le temps que vous désirez (2 minutes, 20 minutes, 2 heures ou une journée) et participez à une broderie urbaine géante dirigée par l’artiste textile Lola Jungle.
<div class="post-theming-cleared"> </div>

<a href="https://bibliovaud.ch/?tribe_events=vevey-brode"><img width="170" height="170" src="https://bibliovaud.ch/wp-content/uploads/35-170x170.jpg" class="alignleft post-theming-left wp-post-image" alt="" decoding="async" loading="lazy" srcset="https://bibliovaud.ch/wp-content/uploads/35-170x170.jpg 170w, https://bibliovaud.ch/wp-content/uploads/35-100x100.jpg 100w" sizes="auto, (max-width: 170px) 85vw, 170px" /></a>Rendez-vous au Parc du Panorama, Rue du Clos 9 Reporté en cas de mauvais temps au SA 08.06, merci de vous référer à notre site internet Avec Lola Jungle Tout &hellip; Continuer la lecture de &laquo;&nbsp;Vevey brode !&nbsp;&raquo;
<div class="post-theming-cleared"> </div>
