{"id":15865,"date":"2024-12-11T11:46:43","date_gmt":"2024-12-11T10:46:43","guid":{"rendered":"https:\/\/bibliovaud.ch\/?post_type=tribe_events&#038;p=15865"},"modified":"2024-12-11T11:46:43","modified_gmt":"2024-12-11T10:46:43","slug":"biblioweekend-2","status":"publish","type":"tribe_events","link":"https:\/\/bibliovaud.ch\/?tribe_events=biblioweekend-2","title":{"rendered":"BiblioWeekend"},"content":{"rendered":"<a href=\"https:\/\/bibliovaud.ch\/?tribe_events=biblioweekend-2\"><img loading=\"lazy\" decoding=\"async\" width=\"170\" height=\"170\" src=\"https:\/\/bibliovaud.ch\/wp-content\/uploads\/18-2-170x170.jpg\" class=\"alignleft post-theming-left wp-post-image\" alt=\"\" srcset=\"https:\/\/bibliovaud.ch\/wp-content\/uploads\/18-2-170x170.jpg 170w, https:\/\/bibliovaud.ch\/wp-content\/uploads\/18-2-100x100.jpg 100w\" sizes=\"auto, (max-width: 170px) 85vw, 170px\" \/><\/a>Le monde des sourd\u00b7e\u00b7s\nOuverture exceptionnelle de la Biblioth\u00e8que de 10h \u00e0 17h\nUne journ\u00e9e d\u00e9di\u00e9e \u00e0 notre cycle Culture pour touxtes !\n10h-16h : J\u2019emprunte en langue des signes ! \nAvec l&#8217;Association Suisse Romande de Langue des Signes\nIn\u00e9dit ! Pour cette journ\u00e9e, notre \u00e9quipe de biblioth\u00e9caires \u00e9change leurs postes avec des personnes sourdes ! Empruntez et retournez vos documents en Langue des Signes Fran\u00e7aise (LSF) ! Des interpr\u00e8tes seront pr\u00e9sent\u00b7e\u00b7s pour vous aider.\n10h-15h30 : Discussion en Langue des Signes Fran\u00e7aise\nAvec Viviane Boson et Franco Vullo\nTout public\nLa LSF est une langue \u00e0 part enti\u00e8re avec une grammaire et une syntaxe complexes. Elle ne [...]<div class=\"post-theming-cleared\"> <\/div>","protected":false},"excerpt":{"rendered":"<a href=\"https:\/\/bibliovaud.ch\/?tribe_events=biblioweekend-2\"><img width=\"170\" height=\"170\" src=\"https:\/\/bibliovaud.ch\/wp-content\/uploads\/18-2-170x170.jpg\" class=\"alignleft post-theming-left wp-post-image\" alt=\"\" decoding=\"async\" loading=\"lazy\" srcset=\"https:\/\/bibliovaud.ch\/wp-content\/uploads\/18-2-170x170.jpg 170w, https:\/\/bibliovaud.ch\/wp-content\/uploads\/18-2-100x100.jpg 100w\" sizes=\"auto, (max-width: 170px) 85vw, 170px\" \/><\/a>Le monde des sourd\u00b7e\u00b7s Ouverture exceptionnelle de la Biblioth\u00e8que de 10h \u00e0 17h Une journ\u00e9e d\u00e9di\u00e9e \u00e0 notre cycle Culture pour touxtes ! 10h-16h : J\u2019emprunte en langue des signes &hellip; Continuer la lecture de &laquo;&nbsp;BiblioWeekend&nbsp;&raquo;\n<div class=\"post-theming-cleared\"> <\/div>","protected":false},"author":10,"featured_media":15866,"template":"","meta":{"om_disable_all_campaigns":false,"_monsterinsights_skip_tracking":false,"_monsterinsights_sitenote_active":false,"_monsterinsights_sitenote_note":"","_monsterinsights_sitenote_category":0,"_tribe_events_status":"","_tribe_events_status_reason":"","footnotes":""},"tags":[],"tribe_events_cat":[510,366],"class_list":["post-15865","tribe_events","type-tribe_events","status-publish","has-post-thumbnail","hentry","tribe_events_cat-biblioweekend","tribe_events_cat-evenement","cat_biblioweekend","cat_evenement"],"aioseo_notices":[],"_links":{"self":[{"href":"https:\/\/bibliovaud.ch\/index.php?rest_route=\/wp\/v2\/tribe_events\/15865","targetHints":{"allow":["GET"]}}],"collection":[{"href":"https:\/\/bibliovaud.ch\/index.php?rest_route=\/wp\/v2\/tribe_events"}],"about":[{"href":"https:\/\/bibliovaud.ch\/index.php?rest_route=\/wp\/v2\/types\/tribe_events"}],"author":[{"embeddable":true,"href":"https:\/\/bibliovaud.ch\/index.php?rest_route=\/wp\/v2\/users\/10"}],"version-history":[{"count":2,"href":"https:\/\/bibliovaud.ch\/index.php?rest_route=\/wp\/v2\/tribe_events\/15865\/revisions"}],"predecessor-version":[{"id":15868,"href":"https:\/\/bibliovaud.ch\/index.php?rest_route=\/wp\/v2\/tribe_events\/15865\/revisions\/15868"}],"wp:featuredmedia":[{"embeddable":true,"href":"https:\/\/bibliovaud.ch\/index.php?rest_route=\/wp\/v2\/media\/15866"}],"wp:attachment":[{"href":"https:\/\/bibliovaud.ch\/index.php?rest_route=%2Fwp%2Fv2%2Fmedia&parent=15865"}],"wp:term":[{"taxonomy":"post_tag","embeddable":true,"href":"https:\/\/bibliovaud.ch\/index.php?rest_route=%2Fwp%2Fv2%2Ftags&post=15865"},{"taxonomy":"tribe_events_cat","embeddable":true,"href":"https:\/\/bibliovaud.ch\/index.php?rest_route=%2Fwp%2Fv2%2Ftribe_events_cat&post=15865"}],"curies":[{"name":"wp","href":"https:\/\/api.w.org\/{rel}","templated":true}]}}

<a href="https://bibliovaud.ch/?tribe_events=biblioweekend-2"><img loading="lazy" decoding="async" width="170" height="170" src="https://bibliovaud.ch/wp-content/uploads/18-2-170x170.jpg" class="alignleft post-theming-left wp-post-image" alt="" srcset="https://bibliovaud.ch/wp-content/uploads/18-2-170x170.jpg 170w, https://bibliovaud.ch/wp-content/uploads/18-2-100x100.jpg 100w" sizes="auto, (max-width: 170px) 85vw, 170px" /></a>Le monde des sourd·e·s
Ouverture exceptionnelle de la Bibliothèque de 10h à 17h
Une journée dédiée à notre cycle Culture pour touxtes !
10h-16h : J’emprunte en langue des signes ! 
Avec l&#8217;Association Suisse Romande de Langue des Signes
Inédit ! Pour cette journée, notre équipe de bibliothécaires échange leurs postes avec des personnes sourdes ! Empruntez et retournez vos documents en Langue des Signes Française (LSF) ! Des interprètes seront présent·e·s pour vous aider.
10h-15h30 : Discussion en Langue des Signes Française
Avec Viviane Boson et Franco Vullo
Tout public
La LSF est une langue à part entière avec une grammaire et une syntaxe complexes. Elle ne [...]<div class="post-theming-cleared"> </div>

<a href="https://bibliovaud.ch/?tribe_events=biblioweekend-2"><img width="170" height="170" src="https://bibliovaud.ch/wp-content/uploads/18-2-170x170.jpg" class="alignleft post-theming-left wp-post-image" alt="" decoding="async" loading="lazy" srcset="https://bibliovaud.ch/wp-content/uploads/18-2-170x170.jpg 170w, https://bibliovaud.ch/wp-content/uploads/18-2-100x100.jpg 100w" sizes="auto, (max-width: 170px) 85vw, 170px" /></a>Le monde des sourd·e·s Ouverture exceptionnelle de la Bibliothèque de 10h à 17h Une journée dédiée à notre cycle Culture pour touxtes ! 10h-16h : J’emprunte en langue des signes &hellip; Continuer la lecture de &laquo;&nbsp;BiblioWeekend&nbsp;&raquo;
<div class="post-theming-cleared"> </div>
