{"id":15910,"date":"2024-12-11T12:18:18","date_gmt":"2024-12-11T11:18:18","guid":{"rendered":"https:\/\/bibliovaud.ch\/?post_type=tribe_events&#038;p=15910"},"modified":"2024-12-11T12:18:18","modified_gmt":"2024-12-11T11:18:18","slug":"midi-jeu-parlons-suisse","status":"publish","type":"tribe_events","link":"https:\/\/bibliovaud.ch\/?tribe_events=midi-jeu-parlons-suisse","title":{"rendered":"Midi Jeu : parlons suisse !"},"content":{"rendered":"<a href=\"https:\/\/bibliovaud.ch\/?tribe_events=midi-jeu-parlons-suisse\"><img loading=\"lazy\" decoding=\"async\" width=\"170\" height=\"170\" src=\"https:\/\/bibliovaud.ch\/wp-content\/uploads\/30-1-170x170.jpg\" class=\"alignleft post-theming-left wp-post-image\" alt=\"\" srcset=\"https:\/\/bibliovaud.ch\/wp-content\/uploads\/30-1-170x170.jpg 170w, https:\/\/bibliovaud.ch\/wp-content\/uploads\/30-1-100x100.jpg 100w\" sizes=\"auto, (max-width: 170px) 85vw, 170px\" \/><\/a>Avec Kimberley Perrenoud\nParlez-vous suisse ? Le fran\u00e7ais parl\u00e9 en Suisse romande est truff\u00e9 de mots et d&#8217;expressions r\u00e9gionales qui ne sont pas forc\u00e9ment comprises en France ou dans les autres pays francophones. Ces diff\u00e9rences locales peuvent surprendre, faire sourire ou d\u00e9concerter. En tout cas, elles intriguent. Lors de cet \u00e9v\u00e9nement, vous aurez l&#8217;occasion de tester vos connaissances sous forme de jeu !\nKimberley Perrenoud est enseignante d\u2019anglais et de fran\u00e7ais langue \u00e9trang\u00e8re. En 2023, elle publie \u00ab Parlons suisse ! \u00bb, un manuel d&#8217;activit\u00e9s sur le fran\u00e7ais romand et la culture suisse.\n<div class=\"post-theming-cleared\"> <\/div>","protected":false},"excerpt":{"rendered":"<a href=\"https:\/\/bibliovaud.ch\/?tribe_events=midi-jeu-parlons-suisse\"><img width=\"170\" height=\"170\" src=\"https:\/\/bibliovaud.ch\/wp-content\/uploads\/30-1-170x170.jpg\" class=\"alignleft post-theming-left wp-post-image\" alt=\"\" decoding=\"async\" loading=\"lazy\" srcset=\"https:\/\/bibliovaud.ch\/wp-content\/uploads\/30-1-170x170.jpg 170w, https:\/\/bibliovaud.ch\/wp-content\/uploads\/30-1-100x100.jpg 100w\" sizes=\"auto, (max-width: 170px) 85vw, 170px\" \/><\/a>Avec Kimberley Perrenoud Parlez-vous suisse ? Le fran\u00e7ais parl\u00e9 en Suisse romande est truff\u00e9 de mots et d&#8217;expressions r\u00e9gionales qui ne sont pas forc\u00e9ment comprises en France ou dans les &hellip; Continuer la lecture de &laquo;&nbsp;Midi Jeu : parlons suisse !&nbsp;&raquo;\n<div class=\"post-theming-cleared\"> <\/div>","protected":false},"author":10,"featured_media":15911,"template":"","meta":{"om_disable_all_campaigns":false,"_monsterinsights_skip_tracking":false,"_monsterinsights_sitenote_active":false,"_monsterinsights_sitenote_note":"","_monsterinsights_sitenote_category":0,"_tribe_events_status":"","_tribe_events_status_reason":"","footnotes":""},"tags":[],"tribe_events_cat":[459],"class_list":["post-15910","tribe_events","type-tribe_events","status-publish","has-post-thumbnail","hentry","tribe_events_cat-conference","cat_conference"],"aioseo_notices":[],"_links":{"self":[{"href":"https:\/\/bibliovaud.ch\/index.php?rest_route=\/wp\/v2\/tribe_events\/15910","targetHints":{"allow":["GET"]}}],"collection":[{"href":"https:\/\/bibliovaud.ch\/index.php?rest_route=\/wp\/v2\/tribe_events"}],"about":[{"href":"https:\/\/bibliovaud.ch\/index.php?rest_route=\/wp\/v2\/types\/tribe_events"}],"author":[{"embeddable":true,"href":"https:\/\/bibliovaud.ch\/index.php?rest_route=\/wp\/v2\/users\/10"}],"version-history":[{"count":1,"href":"https:\/\/bibliovaud.ch\/index.php?rest_route=\/wp\/v2\/tribe_events\/15910\/revisions"}],"predecessor-version":[{"id":15912,"href":"https:\/\/bibliovaud.ch\/index.php?rest_route=\/wp\/v2\/tribe_events\/15910\/revisions\/15912"}],"wp:featuredmedia":[{"embeddable":true,"href":"https:\/\/bibliovaud.ch\/index.php?rest_route=\/wp\/v2\/media\/15911"}],"wp:attachment":[{"href":"https:\/\/bibliovaud.ch\/index.php?rest_route=%2Fwp%2Fv2%2Fmedia&parent=15910"}],"wp:term":[{"taxonomy":"post_tag","embeddable":true,"href":"https:\/\/bibliovaud.ch\/index.php?rest_route=%2Fwp%2Fv2%2Ftags&post=15910"},{"taxonomy":"tribe_events_cat","embeddable":true,"href":"https:\/\/bibliovaud.ch\/index.php?rest_route=%2Fwp%2Fv2%2Ftribe_events_cat&post=15910"}],"curies":[{"name":"wp","href":"https:\/\/api.w.org\/{rel}","templated":true}]}}

<a href="https://bibliovaud.ch/?tribe_events=midi-jeu-parlons-suisse"><img loading="lazy" decoding="async" width="170" height="170" src="https://bibliovaud.ch/wp-content/uploads/30-1-170x170.jpg" class="alignleft post-theming-left wp-post-image" alt="" srcset="https://bibliovaud.ch/wp-content/uploads/30-1-170x170.jpg 170w, https://bibliovaud.ch/wp-content/uploads/30-1-100x100.jpg 100w" sizes="auto, (max-width: 170px) 85vw, 170px" /></a>Avec Kimberley Perrenoud
Parlez-vous suisse ? Le français parlé en Suisse romande est truffé de mots et d&#8217;expressions régionales qui ne sont pas forcément comprises en France ou dans les autres pays francophones. Ces différences locales peuvent surprendre, faire sourire ou déconcerter. En tout cas, elles intriguent. Lors de cet événement, vous aurez l&#8217;occasion de tester vos connaissances sous forme de jeu !
Kimberley Perrenoud est enseignante d’anglais et de français langue étrangère. En 2023, elle publie « Parlons suisse ! », un manuel d&#8217;activités sur le français romand et la culture suisse.
<div class="post-theming-cleared"> </div>

<a href="https://bibliovaud.ch/?tribe_events=midi-jeu-parlons-suisse"><img width="170" height="170" src="https://bibliovaud.ch/wp-content/uploads/30-1-170x170.jpg" class="alignleft post-theming-left wp-post-image" alt="" decoding="async" loading="lazy" srcset="https://bibliovaud.ch/wp-content/uploads/30-1-170x170.jpg 170w, https://bibliovaud.ch/wp-content/uploads/30-1-100x100.jpg 100w" sizes="auto, (max-width: 170px) 85vw, 170px" /></a>Avec Kimberley Perrenoud Parlez-vous suisse ? Le français parlé en Suisse romande est truffé de mots et d&#8217;expressions régionales qui ne sont pas forcément comprises en France ou dans les &hellip; Continuer la lecture de &laquo;&nbsp;Midi Jeu : parlons suisse !&nbsp;&raquo;
<div class="post-theming-cleared"> </div>
