{"id":15933,"date":"2024-12-11T12:37:11","date_gmt":"2024-12-11T11:37:11","guid":{"rendered":"https:\/\/bibliovaud.ch\/?post_type=tribe_events&#038;p=15933"},"modified":"2024-12-11T12:37:11","modified_gmt":"2024-12-11T11:37:11","slug":"cest-une-autre-histoire-super-les-enfants-se-defendent","status":"publish","type":"tribe_events","link":"https:\/\/bibliovaud.ch\/?tribe_events=cest-une-autre-histoire-super-les-enfants-se-defendent","title":{"rendered":"C&#8217;est une autre histoire : super, les enfants se d\u00e9fendent !"},"content":{"rendered":"<a href=\"https:\/\/bibliovaud.ch\/?tribe_events=cest-une-autre-histoire-super-les-enfants-se-defendent\"><img loading=\"lazy\" decoding=\"async\" width=\"170\" height=\"170\" src=\"https:\/\/bibliovaud.ch\/wp-content\/uploads\/36-1-170x170.jpg\" class=\"alignleft post-theming-left wp-post-image\" alt=\"\" srcset=\"https:\/\/bibliovaud.ch\/wp-content\/uploads\/36-1-170x170.jpg 170w, https:\/\/bibliovaud.ch\/wp-content\/uploads\/36-1-100x100.jpg 100w\" sizes=\"auto, (max-width: 170px) 85vw, 170px\" \/><\/a>Avec M\u00e9lanie, Myl\u00e8ne et Chantal Neuhaus\nPour les enfants d\u00e8s 6 ans accompagn\u00e9\u00b7e\u00b7s d&#8217;un\u00b7e adulte\nSais-tu que tu as le super pouvoir de dire non ? Par exemple quand tu ne veux pas qu&#8217;une personne, adulte ou enfant, te touche les cheveux ou t&#8217;emb\u00eate dans la cour de r\u00e9cr\u00e9. Tu as le droit d&#8217;\u00eatre en s\u00e9curit\u00e9, de te sentir libre, fort et forte !\nBon, on va quand m\u00eame se rappeler que lorsqu&#8217;un parent demande d&#8217;aller se brosser les dents, c&#8217;est parce qu&#8217;iel t&#8217;aime et aimerait que tu apprennes \u00e0 prendre soin de ton corps&#8230;\nAllez c&#8217;est parti, on va s&#8217;entra\u00eener \u00e0 dire non [...]<div class=\"post-theming-cleared\"> <\/div>","protected":false},"excerpt":{"rendered":"<a href=\"https:\/\/bibliovaud.ch\/?tribe_events=cest-une-autre-histoire-super-les-enfants-se-defendent\"><img width=\"170\" height=\"170\" src=\"https:\/\/bibliovaud.ch\/wp-content\/uploads\/36-1-170x170.jpg\" class=\"alignleft post-theming-left wp-post-image\" alt=\"\" decoding=\"async\" loading=\"lazy\" srcset=\"https:\/\/bibliovaud.ch\/wp-content\/uploads\/36-1-170x170.jpg 170w, https:\/\/bibliovaud.ch\/wp-content\/uploads\/36-1-100x100.jpg 100w\" sizes=\"auto, (max-width: 170px) 85vw, 170px\" \/><\/a>Avec M\u00e9lanie, Myl\u00e8ne et Chantal Neuhaus Pour les enfants d\u00e8s 6 ans accompagn\u00e9\u00b7e\u00b7s d&#8217;un\u00b7e adulte Sais-tu que tu as le super pouvoir de dire non ? Par exemple quand tu &hellip; Continuer la lecture de &laquo;&nbsp;C&#8217;est une autre histoire : super, les enfants se d\u00e9fendent !&nbsp;&raquo;\n<div class=\"post-theming-cleared\"> <\/div>","protected":false},"author":10,"featured_media":15934,"template":"","meta":{"om_disable_all_campaigns":false,"_monsterinsights_skip_tracking":false,"_monsterinsights_sitenote_active":false,"_monsterinsights_sitenote_note":"","_monsterinsights_sitenote_category":0,"_tribe_events_status":"","_tribe_events_status_reason":"","footnotes":""},"tags":[],"tribe_events_cat":[364],"class_list":["post-15933","tribe_events","type-tribe_events","status-publish","has-post-thumbnail","hentry","tribe_events_cat-atelier","cat_atelier"],"aioseo_notices":[],"_links":{"self":[{"href":"https:\/\/bibliovaud.ch\/index.php?rest_route=\/wp\/v2\/tribe_events\/15933","targetHints":{"allow":["GET"]}}],"collection":[{"href":"https:\/\/bibliovaud.ch\/index.php?rest_route=\/wp\/v2\/tribe_events"}],"about":[{"href":"https:\/\/bibliovaud.ch\/index.php?rest_route=\/wp\/v2\/types\/tribe_events"}],"author":[{"embeddable":true,"href":"https:\/\/bibliovaud.ch\/index.php?rest_route=\/wp\/v2\/users\/10"}],"version-history":[{"count":1,"href":"https:\/\/bibliovaud.ch\/index.php?rest_route=\/wp\/v2\/tribe_events\/15933\/revisions"}],"predecessor-version":[{"id":15935,"href":"https:\/\/bibliovaud.ch\/index.php?rest_route=\/wp\/v2\/tribe_events\/15933\/revisions\/15935"}],"wp:featuredmedia":[{"embeddable":true,"href":"https:\/\/bibliovaud.ch\/index.php?rest_route=\/wp\/v2\/media\/15934"}],"wp:attachment":[{"href":"https:\/\/bibliovaud.ch\/index.php?rest_route=%2Fwp%2Fv2%2Fmedia&parent=15933"}],"wp:term":[{"taxonomy":"post_tag","embeddable":true,"href":"https:\/\/bibliovaud.ch\/index.php?rest_route=%2Fwp%2Fv2%2Ftags&post=15933"},{"taxonomy":"tribe_events_cat","embeddable":true,"href":"https:\/\/bibliovaud.ch\/index.php?rest_route=%2Fwp%2Fv2%2Ftribe_events_cat&post=15933"}],"curies":[{"name":"wp","href":"https:\/\/api.w.org\/{rel}","templated":true}]}}

C&#8217;est une autre histoire : super, les enfants se défendent !

<a href="https://bibliovaud.ch/?tribe_events=cest-une-autre-histoire-super-les-enfants-se-defendent"><img loading="lazy" decoding="async" width="170" height="170" src="https://bibliovaud.ch/wp-content/uploads/36-1-170x170.jpg" class="alignleft post-theming-left wp-post-image" alt="" srcset="https://bibliovaud.ch/wp-content/uploads/36-1-170x170.jpg 170w, https://bibliovaud.ch/wp-content/uploads/36-1-100x100.jpg 100w" sizes="auto, (max-width: 170px) 85vw, 170px" /></a>Avec Mélanie, Mylène et Chantal Neuhaus
Pour les enfants dès 6 ans accompagné·e·s d&#8217;un·e adulte
Sais-tu que tu as le super pouvoir de dire non ? Par exemple quand tu ne veux pas qu&#8217;une personne, adulte ou enfant, te touche les cheveux ou t&#8217;embête dans la cour de récré. Tu as le droit d&#8217;être en sécurité, de te sentir libre, fort et forte !
Bon, on va quand même se rappeler que lorsqu&#8217;un parent demande d&#8217;aller se brosser les dents, c&#8217;est parce qu&#8217;iel t&#8217;aime et aimerait que tu apprennes à prendre soin de ton corps&#8230;
Allez c&#8217;est parti, on va s&#8217;entraîner à dire non [...]<div class="post-theming-cleared"> </div>

<a href="https://bibliovaud.ch/?tribe_events=cest-une-autre-histoire-super-les-enfants-se-defendent"><img width="170" height="170" src="https://bibliovaud.ch/wp-content/uploads/36-1-170x170.jpg" class="alignleft post-theming-left wp-post-image" alt="" decoding="async" loading="lazy" srcset="https://bibliovaud.ch/wp-content/uploads/36-1-170x170.jpg 170w, https://bibliovaud.ch/wp-content/uploads/36-1-100x100.jpg 100w" sizes="auto, (max-width: 170px) 85vw, 170px" /></a>Avec Mélanie, Mylène et Chantal Neuhaus Pour les enfants dès 6 ans accompagné·e·s d&#8217;un·e adulte Sais-tu que tu as le super pouvoir de dire non ? Par exemple quand tu &hellip; Continuer la lecture de &laquo;&nbsp;C&#8217;est une autre histoire : super, les enfants se défendent !&nbsp;&raquo;
<div class="post-theming-cleared"> </div>
