{"id":15995,"date":"2025-02-18T12:16:50","date_gmt":"2025-02-18T11:16:50","guid":{"rendered":"https:\/\/bibliovaud.ch\/?post_type=tribe_events&#038;p=15995"},"modified":"2025-02-18T12:16:50","modified_gmt":"2025-02-18T11:16:50","slug":"biblioweekend-impro-livre-moi-tes-histoires","status":"publish","type":"tribe_events","link":"https:\/\/bibliovaud.ch\/?tribe_events=biblioweekend-impro-livre-moi-tes-histoires","title":{"rendered":"BiblioWeekend &#8211; Impro livre-moi tes histoires"},"content":{"rendered":" \u00a9 Fausto Borghini\nFausto Borghini invite les enfants \u00e0 lui apporter un livre d\u2019images, de la maison ou de la biblioth\u00e8que, afin de cr\u00e9er ensemble une nouvelle histoire. Un spectacle original et interactif qui surprendra petit\u00b7e\u00b7s et grand\u00b7e\u00b7s.\nRepr\u00e9sentation \u00e0 14h et 16h.\nEntr\u00e9e libre dans la limite des places disponibles.\nD\u00e8s 6 ans.\nEn raison des travaux sur la place de la Riponne, l\u2019acc\u00e8s au Palais de Rumine est modifi\u00e9. Un plan des nouveaux acc\u00e8s est disponible sur le site de la ville de Lausanne.\n\n\n\n\n\n<div class=\"post-theming-cleared\"> <\/div>","protected":false},"excerpt":{"rendered":"Fausto Borghini invite les enfants \u00e0 lui apporter un livre d\u2019images, de la maison ou de la biblioth\u00e8que, afin de cr\u00e9er ensemble une nouvelle histoire. Un spectacle original et interactif &hellip; Continuer la lecture de &laquo;&nbsp;BiblioWeekend &#8211; Impro livre-moi tes histoires&nbsp;&raquo;\n<div class=\"post-theming-cleared\"> <\/div>","protected":false},"author":56,"featured_media":0,"template":"","meta":{"om_disable_all_campaigns":false,"_monsterinsights_skip_tracking":false,"_monsterinsights_sitenote_active":false,"_monsterinsights_sitenote_note":"","_monsterinsights_sitenote_category":0,"_tribe_events_status":"","_tribe_events_status_reason":"","footnotes":""},"tags":[],"tribe_events_cat":[510],"class_list":["post-15995","tribe_events","type-tribe_events","status-publish","hentry","tribe_events_cat-biblioweekend","cat_biblioweekend"],"aioseo_notices":[],"_links":{"self":[{"href":"https:\/\/bibliovaud.ch\/index.php?rest_route=\/wp\/v2\/tribe_events\/15995","targetHints":{"allow":["GET"]}}],"collection":[{"href":"https:\/\/bibliovaud.ch\/index.php?rest_route=\/wp\/v2\/tribe_events"}],"about":[{"href":"https:\/\/bibliovaud.ch\/index.php?rest_route=\/wp\/v2\/types\/tribe_events"}],"author":[{"embeddable":true,"href":"https:\/\/bibliovaud.ch\/index.php?rest_route=\/wp\/v2\/users\/56"}],"version-history":[{"count":1,"href":"https:\/\/bibliovaud.ch\/index.php?rest_route=\/wp\/v2\/tribe_events\/15995\/revisions"}],"predecessor-version":[{"id":15997,"href":"https:\/\/bibliovaud.ch\/index.php?rest_route=\/wp\/v2\/tribe_events\/15995\/revisions\/15997"}],"wp:attachment":[{"href":"https:\/\/bibliovaud.ch\/index.php?rest_route=%2Fwp%2Fv2%2Fmedia&parent=15995"}],"wp:term":[{"taxonomy":"post_tag","embeddable":true,"href":"https:\/\/bibliovaud.ch\/index.php?rest_route=%2Fwp%2Fv2%2Ftags&post=15995"},{"taxonomy":"tribe_events_cat","embeddable":true,"href":"https:\/\/bibliovaud.ch\/index.php?rest_route=%2Fwp%2Fv2%2Ftribe_events_cat&post=15995"}],"curies":[{"name":"wp","href":"https:\/\/api.w.org\/{rel}","templated":true}]}}

© Fausto Borghini
Fausto Borghini invite les enfants à lui apporter un livre d’images, de la maison ou de la bibliothèque, afin de créer ensemble une nouvelle histoire. Un spectacle original et interactif qui surprendra petit·e·s et grand·e·s.
Représentation à 14h et 16h.
Entrée libre dans la limite des places disponibles.
Dès 6 ans.
En raison des travaux sur la place de la Riponne, l’accès au Palais de Rumine est modifié. Un plan des nouveaux accès est disponible sur le site de la ville de Lausanne.





<div class="post-theming-cleared"> </div>

Fausto Borghini invite les enfants à lui apporter un livre d’images, de la maison ou de la bibliothèque, afin de créer ensemble une nouvelle histoire. Un spectacle original et interactif &hellip; Continuer la lecture de &laquo;&nbsp;BiblioWeekend &#8211; Impro livre-moi tes histoires&nbsp;&raquo;
<div class="post-theming-cleared"> </div>
