{"id":16095,"date":"2025-09-02T10:16:16","date_gmt":"2025-09-02T08:16:16","guid":{"rendered":"https:\/\/bibliovaud.ch\/?post_type=tribe_events&#038;p=16095"},"modified":"2025-09-02T10:16:16","modified_gmt":"2025-09-02T08:16:16","slug":"apero-philo-sagesses-environnementales","status":"publish","type":"tribe_events","link":"https:\/\/bibliovaud.ch\/?tribe_events=apero-philo-sagesses-environnementales","title":{"rendered":"Ap\u00e9ro-philo : Sagesses environnementales"},"content":{"rendered":" Laurent Dubois \u00a9 BCU Lausanne\nLes sagesses d\u2019Orient et d\u2019Occident nous am\u00e8nent \u00e0 repenser la place des \u00eatres humains dans le monde et \u00e0 prendre soin de notre environnement. Quels sont les principes et les pratiques qui permettent de d\u00e9velopper cette conscience environnementale afin de nous pousser \u00e0 l\u2019action ?\nCe cycle de rencontres philosophiques a pour ambition de d\u00e9placer notre regard afin de comprendre la sp\u00e9cificit\u00e9 des sagesses orientales. Pour chaque th\u00e8me abord\u00e9, Ma\u00ebl Goarzin, sp\u00e9cialiste de philosophie antique, et Fr\u00e9d\u00e9ric Richard, sp\u00e9cialiste des sagesses orientales, entrent en dialogue et questionnent les liens entre Orient et Occident. [...]<div class=\"post-theming-cleared\"> <\/div>","protected":false},"excerpt":{"rendered":"Les sagesses d\u2019Orient et d\u2019Occident nous am\u00e8nent \u00e0 repenser la place des \u00eatres humains dans le monde et \u00e0 prendre soin de notre environnement. Quels sont les principes et les &hellip; Continuer la lecture de &laquo;&nbsp;Ap\u00e9ro-philo : Sagesses environnementales&nbsp;&raquo;\n<div class=\"post-theming-cleared\"> <\/div>","protected":false},"author":56,"featured_media":0,"template":"","meta":{"om_disable_all_campaigns":false,"_monsterinsights_skip_tracking":false,"_monsterinsights_sitenote_active":false,"_monsterinsights_sitenote_note":"","_monsterinsights_sitenote_category":0,"_tribe_events_status":"","_tribe_events_status_reason":"","footnotes":""},"tags":[],"tribe_events_cat":[459],"class_list":["post-16095","tribe_events","type-tribe_events","status-publish","hentry","tribe_events_cat-conference","cat_conference"],"aioseo_notices":[],"_links":{"self":[{"href":"https:\/\/bibliovaud.ch\/index.php?rest_route=\/wp\/v2\/tribe_events\/16095","targetHints":{"allow":["GET"]}}],"collection":[{"href":"https:\/\/bibliovaud.ch\/index.php?rest_route=\/wp\/v2\/tribe_events"}],"about":[{"href":"https:\/\/bibliovaud.ch\/index.php?rest_route=\/wp\/v2\/types\/tribe_events"}],"author":[{"embeddable":true,"href":"https:\/\/bibliovaud.ch\/index.php?rest_route=\/wp\/v2\/users\/56"}],"version-history":[{"count":1,"href":"https:\/\/bibliovaud.ch\/index.php?rest_route=\/wp\/v2\/tribe_events\/16095\/revisions"}],"predecessor-version":[{"id":16096,"href":"https:\/\/bibliovaud.ch\/index.php?rest_route=\/wp\/v2\/tribe_events\/16095\/revisions\/16096"}],"wp:attachment":[{"href":"https:\/\/bibliovaud.ch\/index.php?rest_route=%2Fwp%2Fv2%2Fmedia&parent=16095"}],"wp:term":[{"taxonomy":"post_tag","embeddable":true,"href":"https:\/\/bibliovaud.ch\/index.php?rest_route=%2Fwp%2Fv2%2Ftags&post=16095"},{"taxonomy":"tribe_events_cat","embeddable":true,"href":"https:\/\/bibliovaud.ch\/index.php?rest_route=%2Fwp%2Fv2%2Ftribe_events_cat&post=16095"}],"curies":[{"name":"wp","href":"https:\/\/api.w.org\/{rel}","templated":true}]}}

Apéro-philo : Sagesses environnementales

Laurent Dubois © BCU Lausanne
Les sagesses d’Orient et d’Occident nous amènent à repenser la place des êtres humains dans le monde et à prendre soin de notre environnement. Quels sont les principes et les pratiques qui permettent de développer cette conscience environnementale afin de nous pousser à l’action ?
Ce cycle de rencontres philosophiques a pour ambition de déplacer notre regard afin de comprendre la spécificité des sagesses orientales. Pour chaque thème abordé, Maël Goarzin, spécialiste de philosophie antique, et Frédéric Richard, spécialiste des sagesses orientales, entrent en dialogue et questionnent les liens entre Orient et Occident. [...]<div class="post-theming-cleared"> </div>

Les sagesses d’Orient et d’Occident nous amènent à repenser la place des êtres humains dans le monde et à prendre soin de notre environnement. Quels sont les principes et les &hellip; Continuer la lecture de &laquo;&nbsp;Apéro-philo : Sagesses environnementales&nbsp;&raquo;
<div class="post-theming-cleared"> </div>
