{"id":16169,"date":"2025-12-02T13:15:57","date_gmt":"2025-12-02T12:15:57","guid":{"rendered":"https:\/\/bibliovaud.ch\/?post_type=tribe_events&#038;p=16169"},"modified":"2025-12-02T13:15:57","modified_gmt":"2025-12-02T12:15:57","slug":"cest-une-autre-histoire-les-dinosaures","status":"publish","type":"tribe_events","link":"https:\/\/bibliovaud.ch\/?tribe_events=cest-une-autre-histoire-les-dinosaures","title":{"rendered":"C&#8217;est une autre histoire : les dinosaures"},"content":{"rendered":"<a href=\"https:\/\/bibliovaud.ch\/?tribe_events=cest-une-autre-histoire-les-dinosaures\"><img loading=\"lazy\" decoding=\"async\" width=\"170\" height=\"170\" src=\"https:\/\/bibliovaud.ch\/wp-content\/uploads\/cest-une-autre-histoire-rond-ID-7137031-170x170.png\" class=\"alignleft post-theming-left wp-post-image\" alt=\"\" srcset=\"https:\/\/bibliovaud.ch\/wp-content\/uploads\/cest-une-autre-histoire-rond-ID-7137031-170x170.png 170w, https:\/\/bibliovaud.ch\/wp-content\/uploads\/cest-une-autre-histoire-rond-ID-7137031-300x300.png 300w, https:\/\/bibliovaud.ch\/wp-content\/uploads\/cest-une-autre-histoire-rond-ID-7137031-100x100.png 100w, https:\/\/bibliovaud.ch\/wp-content\/uploads\/cest-une-autre-histoire-rond-ID-7137031-768x768.png 768w, https:\/\/bibliovaud.ch\/wp-content\/uploads\/cest-une-autre-histoire-rond-ID-7137031.png 1200w\" sizes=\"auto, (max-width: 170px) 85vw, 170px\" \/><\/a>Avec M\u00e9lanie, Myl\u00e8ne, Ga\u00eblle Garrocq et Viviane Boson \nPour les enfants d\u00e8s 6 ans accompagn\u00e9\u00b7e\u00b7s d&#8217;un\u00b7e adulte\u00a0\nApr\u00e8s avoir demand\u00e9 \u00e0 tes parents s&#8217;ils ont d\u00e9j\u00e0 vu un dinosaure dans leur enfance (si ! si ! tous les parents adorent cette question), viens \u00e9couter des histoires sur ces fascinantes cr\u00e9atures.\nTu repartiras avec la fiche et l&#8217;empreinte de ton dinosaure imaginaire que tu auras r\u00e9alis\u00e9es avec l&#8217;artiste Ga\u00eblle Garrocq.\nAnimation interpr\u00e9t\u00e9e en Langue des Signes Fran\u00e7aise (LSF).\n<div class=\"post-theming-cleared\"> <\/div>","protected":false},"excerpt":{"rendered":"<a href=\"https:\/\/bibliovaud.ch\/?tribe_events=cest-une-autre-histoire-les-dinosaures\"><img width=\"170\" height=\"170\" src=\"https:\/\/bibliovaud.ch\/wp-content\/uploads\/cest-une-autre-histoire-rond-ID-7137031-170x170.png\" class=\"alignleft post-theming-left wp-post-image\" alt=\"\" decoding=\"async\" loading=\"lazy\" srcset=\"https:\/\/bibliovaud.ch\/wp-content\/uploads\/cest-une-autre-histoire-rond-ID-7137031-170x170.png 170w, https:\/\/bibliovaud.ch\/wp-content\/uploads\/cest-une-autre-histoire-rond-ID-7137031-300x300.png 300w, https:\/\/bibliovaud.ch\/wp-content\/uploads\/cest-une-autre-histoire-rond-ID-7137031-100x100.png 100w, https:\/\/bibliovaud.ch\/wp-content\/uploads\/cest-une-autre-histoire-rond-ID-7137031-768x768.png 768w, https:\/\/bibliovaud.ch\/wp-content\/uploads\/cest-une-autre-histoire-rond-ID-7137031.png 1200w\" sizes=\"auto, (max-width: 170px) 85vw, 170px\" \/><\/a>Avec M\u00e9lanie, Myl\u00e8ne, Ga\u00eblle Garrocq et Viviane Boson Pour les enfants d\u00e8s 6 ans accompagn\u00e9\u00b7e\u00b7s d&#8217;un\u00b7e adulte\u00a0 Apr\u00e8s avoir demand\u00e9 \u00e0 tes parents s&#8217;ils ont d\u00e9j\u00e0 vu un dinosaure dans &hellip; Continuer la lecture de &laquo;&nbsp;C&#8217;est une autre histoire : les dinosaures&nbsp;&raquo;\n<div class=\"post-theming-cleared\"> <\/div>","protected":false},"author":10,"featured_media":16171,"template":"","meta":{"om_disable_all_campaigns":false,"_monsterinsights_skip_tracking":false,"_monsterinsights_sitenote_active":false,"_monsterinsights_sitenote_note":"","_monsterinsights_sitenote_category":0,"_tribe_events_status":"","_tribe_events_status_reason":"","footnotes":""},"tags":[],"tribe_events_cat":[364,373,372],"class_list":["post-16169","tribe_events","type-tribe_events","status-publish","has-post-thumbnail","hentry","tribe_events_cat-atelier","tribe_events_cat-heure-du-conte","tribe_events_cat-lecture","cat_atelier","cat_heure-du-conte","cat_lecture"],"aioseo_notices":[],"_links":{"self":[{"href":"https:\/\/bibliovaud.ch\/index.php?rest_route=\/wp\/v2\/tribe_events\/16169","targetHints":{"allow":["GET"]}}],"collection":[{"href":"https:\/\/bibliovaud.ch\/index.php?rest_route=\/wp\/v2\/tribe_events"}],"about":[{"href":"https:\/\/bibliovaud.ch\/index.php?rest_route=\/wp\/v2\/types\/tribe_events"}],"author":[{"embeddable":true,"href":"https:\/\/bibliovaud.ch\/index.php?rest_route=\/wp\/v2\/users\/10"}],"version-history":[{"count":1,"href":"https:\/\/bibliovaud.ch\/index.php?rest_route=\/wp\/v2\/tribe_events\/16169\/revisions"}],"predecessor-version":[{"id":16170,"href":"https:\/\/bibliovaud.ch\/index.php?rest_route=\/wp\/v2\/tribe_events\/16169\/revisions\/16170"}],"wp:featuredmedia":[{"embeddable":true,"href":"https:\/\/bibliovaud.ch\/index.php?rest_route=\/wp\/v2\/media\/16171"}],"wp:attachment":[{"href":"https:\/\/bibliovaud.ch\/index.php?rest_route=%2Fwp%2Fv2%2Fmedia&parent=16169"}],"wp:term":[{"taxonomy":"post_tag","embeddable":true,"href":"https:\/\/bibliovaud.ch\/index.php?rest_route=%2Fwp%2Fv2%2Ftags&post=16169"},{"taxonomy":"tribe_events_cat","embeddable":true,"href":"https:\/\/bibliovaud.ch\/index.php?rest_route=%2Fwp%2Fv2%2Ftribe_events_cat&post=16169"}],"curies":[{"name":"wp","href":"https:\/\/api.w.org\/{rel}","templated":true}]}}

<a href="https://bibliovaud.ch/?tribe_events=cest-une-autre-histoire-les-dinosaures"><img loading="lazy" decoding="async" width="170" height="170" src="https://bibliovaud.ch/wp-content/uploads/cest-une-autre-histoire-rond-ID-7137031-170x170.png" class="alignleft post-theming-left wp-post-image" alt="" srcset="https://bibliovaud.ch/wp-content/uploads/cest-une-autre-histoire-rond-ID-7137031-170x170.png 170w, https://bibliovaud.ch/wp-content/uploads/cest-une-autre-histoire-rond-ID-7137031-300x300.png 300w, https://bibliovaud.ch/wp-content/uploads/cest-une-autre-histoire-rond-ID-7137031-100x100.png 100w, https://bibliovaud.ch/wp-content/uploads/cest-une-autre-histoire-rond-ID-7137031-768x768.png 768w, https://bibliovaud.ch/wp-content/uploads/cest-une-autre-histoire-rond-ID-7137031.png 1200w" sizes="auto, (max-width: 170px) 85vw, 170px" /></a>Avec Mélanie, Mylène, Gaëlle Garrocq et Viviane Boson 
Pour les enfants dès 6 ans accompagné·e·s d&#8217;un·e adulte 
Après avoir demandé à tes parents s&#8217;ils ont déjà vu un dinosaure dans leur enfance (si ! si ! tous les parents adorent cette question), viens écouter des histoires sur ces fascinantes créatures.
Tu repartiras avec la fiche et l&#8217;empreinte de ton dinosaure imaginaire que tu auras réalisées avec l&#8217;artiste Gaëlle Garrocq.
Animation interprétée en Langue des Signes Française (LSF).
<div class="post-theming-cleared"> </div>

<a href="https://bibliovaud.ch/?tribe_events=cest-une-autre-histoire-les-dinosaures"><img width="170" height="170" src="https://bibliovaud.ch/wp-content/uploads/cest-une-autre-histoire-rond-ID-7137031-170x170.png" class="alignleft post-theming-left wp-post-image" alt="" decoding="async" loading="lazy" srcset="https://bibliovaud.ch/wp-content/uploads/cest-une-autre-histoire-rond-ID-7137031-170x170.png 170w, https://bibliovaud.ch/wp-content/uploads/cest-une-autre-histoire-rond-ID-7137031-300x300.png 300w, https://bibliovaud.ch/wp-content/uploads/cest-une-autre-histoire-rond-ID-7137031-100x100.png 100w, https://bibliovaud.ch/wp-content/uploads/cest-une-autre-histoire-rond-ID-7137031-768x768.png 768w, https://bibliovaud.ch/wp-content/uploads/cest-une-autre-histoire-rond-ID-7137031.png 1200w" sizes="auto, (max-width: 170px) 85vw, 170px" /></a>Avec Mélanie, Mylène, Gaëlle Garrocq et Viviane Boson Pour les enfants dès 6 ans accompagné·e·s d&#8217;un·e adulte  Après avoir demandé à tes parents s&#8217;ils ont déjà vu un dinosaure dans &hellip; Continuer la lecture de &laquo;&nbsp;C&#8217;est une autre histoire : les dinosaures&nbsp;&raquo;
<div class="post-theming-cleared"> </div>
