{"id":16188,"date":"2025-12-03T10:22:07","date_gmt":"2025-12-03T09:22:07","guid":{"rendered":"https:\/\/bibliovaud.ch\/?post_type=tribe_events&#038;p=16188"},"modified":"2025-12-03T10:22:07","modified_gmt":"2025-12-03T09:22:07","slug":"cest-papa-qui-me-coiffe","status":"publish","type":"tribe_events","link":"https:\/\/bibliovaud.ch\/?tribe_events=cest-papa-qui-me-coiffe","title":{"rendered":"C&#8217;est Papa qui me coiffe !"},"content":{"rendered":"<a href=\"https:\/\/bibliovaud.ch\/?tribe_events=cest-papa-qui-me-coiffe\"><img loading=\"lazy\" decoding=\"async\" width=\"170\" height=\"170\" src=\"https:\/\/bibliovaud.ch\/wp-content\/uploads\/17-2-170x170.jpg\" class=\"alignleft post-theming-left wp-post-image\" alt=\"\" srcset=\"https:\/\/bibliovaud.ch\/wp-content\/uploads\/17-2-170x170.jpg 170w, https:\/\/bibliovaud.ch\/wp-content\/uploads\/17-2-100x100.jpg 100w\" sizes=\"auto, (max-width: 170px) 85vw, 170px\" \/><\/a>Atelier\n10h-12h30\nAvec Sylvie Makela et une coiffeuse de Tribus Urbaines\nPour les enfants d\u00e8s 5 ans accompagn\u00e9\u00b7e\u00b7s de leur Papa\nSur inscription\nUn\u00b7e enfant qui a des cheveux longs est dans la grande majorit\u00e9 des cas coiff\u00e9\u00b7e par sa m\u00e8re, davantage habitu\u00e9e \u00e0 ce genre d&#8217;exercice.\nCoiffer son enfant est souvent un moment de partage et de lien.\nEt si en tant que Papa, vous franchissiez cette barri\u00e8re genr\u00e9e ?\nInscrivez-vous en duo avec votre fille ou votre gar\u00e7on qui a des cheveux longs et apprenez des astuces en passant un chouette moment. Enfants avec toutes les textures de cheveux, de l\u2019afro-cr\u00e9pu au lisse bienvenu\u00b7e\u00b7s !\n<div class=\"post-theming-cleared\"> <\/div>","protected":false},"excerpt":{"rendered":"<a href=\"https:\/\/bibliovaud.ch\/?tribe_events=cest-papa-qui-me-coiffe\"><img width=\"170\" height=\"170\" src=\"https:\/\/bibliovaud.ch\/wp-content\/uploads\/17-2-170x170.jpg\" class=\"alignleft post-theming-left wp-post-image\" alt=\"\" decoding=\"async\" loading=\"lazy\" srcset=\"https:\/\/bibliovaud.ch\/wp-content\/uploads\/17-2-170x170.jpg 170w, https:\/\/bibliovaud.ch\/wp-content\/uploads\/17-2-100x100.jpg 100w\" sizes=\"auto, (max-width: 170px) 85vw, 170px\" \/><\/a>Atelier 10h-12h30 Avec Sylvie Makela et une coiffeuse de Tribus Urbaines Pour les enfants d\u00e8s 5 ans accompagn\u00e9\u00b7e\u00b7s de leur Papa Sur inscription Un\u00b7e enfant qui a des cheveux longs &hellip; Continuer la lecture de &laquo;&nbsp;C&#8217;est Papa qui me coiffe !&nbsp;&raquo;\n<div class=\"post-theming-cleared\"> <\/div>","protected":false},"author":10,"featured_media":16189,"template":"","meta":{"om_disable_all_campaigns":false,"_monsterinsights_skip_tracking":false,"_monsterinsights_sitenote_active":false,"_monsterinsights_sitenote_note":"","_monsterinsights_sitenote_category":0,"_tribe_events_status":"","_tribe_events_status_reason":"","footnotes":""},"tags":[],"tribe_events_cat":[364],"class_list":["post-16188","tribe_events","type-tribe_events","status-publish","has-post-thumbnail","hentry","tribe_events_cat-atelier","cat_atelier"],"aioseo_notices":[],"_links":{"self":[{"href":"https:\/\/bibliovaud.ch\/index.php?rest_route=\/wp\/v2\/tribe_events\/16188","targetHints":{"allow":["GET"]}}],"collection":[{"href":"https:\/\/bibliovaud.ch\/index.php?rest_route=\/wp\/v2\/tribe_events"}],"about":[{"href":"https:\/\/bibliovaud.ch\/index.php?rest_route=\/wp\/v2\/types\/tribe_events"}],"author":[{"embeddable":true,"href":"https:\/\/bibliovaud.ch\/index.php?rest_route=\/wp\/v2\/users\/10"}],"version-history":[{"count":2,"href":"https:\/\/bibliovaud.ch\/index.php?rest_route=\/wp\/v2\/tribe_events\/16188\/revisions"}],"predecessor-version":[{"id":16191,"href":"https:\/\/bibliovaud.ch\/index.php?rest_route=\/wp\/v2\/tribe_events\/16188\/revisions\/16191"}],"wp:featuredmedia":[{"embeddable":true,"href":"https:\/\/bibliovaud.ch\/index.php?rest_route=\/wp\/v2\/media\/16189"}],"wp:attachment":[{"href":"https:\/\/bibliovaud.ch\/index.php?rest_route=%2Fwp%2Fv2%2Fmedia&parent=16188"}],"wp:term":[{"taxonomy":"post_tag","embeddable":true,"href":"https:\/\/bibliovaud.ch\/index.php?rest_route=%2Fwp%2Fv2%2Ftags&post=16188"},{"taxonomy":"tribe_events_cat","embeddable":true,"href":"https:\/\/bibliovaud.ch\/index.php?rest_route=%2Fwp%2Fv2%2Ftribe_events_cat&post=16188"}],"curies":[{"name":"wp","href":"https:\/\/api.w.org\/{rel}","templated":true}]}}

<a href="https://bibliovaud.ch/?tribe_events=cest-papa-qui-me-coiffe"><img loading="lazy" decoding="async" width="170" height="170" src="https://bibliovaud.ch/wp-content/uploads/17-2-170x170.jpg" class="alignleft post-theming-left wp-post-image" alt="" srcset="https://bibliovaud.ch/wp-content/uploads/17-2-170x170.jpg 170w, https://bibliovaud.ch/wp-content/uploads/17-2-100x100.jpg 100w" sizes="auto, (max-width: 170px) 85vw, 170px" /></a>Atelier
10h-12h30
Avec Sylvie Makela et une coiffeuse de Tribus Urbaines
Pour les enfants dès 5 ans accompagné·e·s de leur Papa
Sur inscription
Un·e enfant qui a des cheveux longs est dans la grande majorité des cas coiffé·e par sa mère, davantage habituée à ce genre d&#8217;exercice.
Coiffer son enfant est souvent un moment de partage et de lien.
Et si en tant que Papa, vous franchissiez cette barrière genrée ?
Inscrivez-vous en duo avec votre fille ou votre garçon qui a des cheveux longs et apprenez des astuces en passant un chouette moment. Enfants avec toutes les textures de cheveux, de l’afro-crépu au lisse bienvenu·e·s !
<div class="post-theming-cleared"> </div>

<a href="https://bibliovaud.ch/?tribe_events=cest-papa-qui-me-coiffe"><img width="170" height="170" src="https://bibliovaud.ch/wp-content/uploads/17-2-170x170.jpg" class="alignleft post-theming-left wp-post-image" alt="" decoding="async" loading="lazy" srcset="https://bibliovaud.ch/wp-content/uploads/17-2-170x170.jpg 170w, https://bibliovaud.ch/wp-content/uploads/17-2-100x100.jpg 100w" sizes="auto, (max-width: 170px) 85vw, 170px" /></a>Atelier 10h-12h30 Avec Sylvie Makela et une coiffeuse de Tribus Urbaines Pour les enfants dès 5 ans accompagné·e·s de leur Papa Sur inscription Un·e enfant qui a des cheveux longs &hellip; Continuer la lecture de &laquo;&nbsp;C&#8217;est Papa qui me coiffe !&nbsp;&raquo;
<div class="post-theming-cleared"> </div>
