{"id":16203,"date":"2025-12-03T12:02:13","date_gmt":"2025-12-03T11:02:13","guid":{"rendered":"https:\/\/bibliovaud.ch\/?post_type=tribe_events&#038;p=16203"},"modified":"2025-12-03T12:04:47","modified_gmt":"2025-12-03T11:04:47","slug":"vernissage-cycle-cest-mort","status":"publish","type":"tribe_events","link":"https:\/\/bibliovaud.ch\/?tribe_events=vernissage-cycle-cest-mort","title":{"rendered":"Vernissage cycle C&#8217;est mort."},"content":{"rendered":"<a href=\"https:\/\/bibliovaud.ch\/?tribe_events=vernissage-cycle-cest-mort\"><img loading=\"lazy\" decoding=\"async\" width=\"170\" height=\"170\" src=\"https:\/\/bibliovaud.ch\/wp-content\/uploads\/13-3-170x170.jpg\" class=\"alignleft post-theming-left wp-post-image\" alt=\"\" srcset=\"https:\/\/bibliovaud.ch\/wp-content\/uploads\/13-3-170x170.jpg 170w, https:\/\/bibliovaud.ch\/wp-content\/uploads\/13-3-100x100.jpg 100w\" sizes=\"auto, (max-width: 170px) 85vw, 170px\" \/><\/a>D\u00e9couvrez votre Biblioth\u00e8que comme vous ne l\u2019avez jamais vue avec le nouveau Changement de d\u00e9cor et un concert de M\u00e9lissa Laveaux !\nCette ann\u00e9e, le Changement de d\u00e9cor prend la forme d&#8217;un projet participatif. Nous avons invit\u00e9 nos usager\u00b7\u00e8re\u00b7s \u00e0 participer \u00e0 un atelier cr\u00e9atif autour du deuil avec la photographe Delphine Schacher. \u00c0 partir d&#8217;une photo d&#8217;un\u00b7e proche et de fleurs cueillies, les participant\u00b7e\u00b7s ont pu fabriquer leur propre cyanotype en hommage \u00e0 leurs d\u00e9funt\u00b7e\u00b7s. La photographe Delphine Schacher a ensuite num\u00e9ris\u00e9 ces cr\u00e9ations, afin de les exposer dans la Biblioth\u00e8que.\nDelphine Schacher est dipl\u00f4m\u00e9e de l&#8217;\u00c9cole de Photographie de Vevey. [...]<div class=\"post-theming-cleared\"> <\/div>","protected":false},"excerpt":{"rendered":"<a href=\"https:\/\/bibliovaud.ch\/?tribe_events=vernissage-cycle-cest-mort\"><img width=\"170\" height=\"170\" src=\"https:\/\/bibliovaud.ch\/wp-content\/uploads\/13-3-170x170.jpg\" class=\"alignleft post-theming-left wp-post-image\" alt=\"\" decoding=\"async\" loading=\"lazy\" srcset=\"https:\/\/bibliovaud.ch\/wp-content\/uploads\/13-3-170x170.jpg 170w, https:\/\/bibliovaud.ch\/wp-content\/uploads\/13-3-100x100.jpg 100w\" sizes=\"auto, (max-width: 170px) 85vw, 170px\" \/><\/a>D\u00e9couvrez votre Biblioth\u00e8que comme vous ne l\u2019avez jamais vue avec le nouveau Changement de d\u00e9cor et un concert de M\u00e9lissa Laveaux ! Cette ann\u00e9e, le Changement de d\u00e9cor prend la &hellip; Continuer la lecture de &laquo;&nbsp;Vernissage cycle C&#8217;est mort.&nbsp;&raquo;\n<div class=\"post-theming-cleared\"> <\/div>","protected":false},"author":10,"featured_media":16205,"template":"","meta":{"om_disable_all_campaigns":false,"_monsterinsights_skip_tracking":false,"_monsterinsights_sitenote_active":false,"_monsterinsights_sitenote_note":"","_monsterinsights_sitenote_category":0,"_tribe_events_status":"","_tribe_events_status_reason":"","footnotes":""},"tags":[],"tribe_events_cat":[508,504],"class_list":["post-16203","tribe_events","type-tribe_events","status-publish","has-post-thumbnail","hentry","tribe_events_cat-concert","tribe_events_cat-expositions","cat_concert","cat_expositions"],"aioseo_notices":[],"_links":{"self":[{"href":"https:\/\/bibliovaud.ch\/index.php?rest_route=\/wp\/v2\/tribe_events\/16203","targetHints":{"allow":["GET"]}}],"collection":[{"href":"https:\/\/bibliovaud.ch\/index.php?rest_route=\/wp\/v2\/tribe_events"}],"about":[{"href":"https:\/\/bibliovaud.ch\/index.php?rest_route=\/wp\/v2\/types\/tribe_events"}],"author":[{"embeddable":true,"href":"https:\/\/bibliovaud.ch\/index.php?rest_route=\/wp\/v2\/users\/10"}],"version-history":[{"count":1,"href":"https:\/\/bibliovaud.ch\/index.php?rest_route=\/wp\/v2\/tribe_events\/16203\/revisions"}],"predecessor-version":[{"id":16204,"href":"https:\/\/bibliovaud.ch\/index.php?rest_route=\/wp\/v2\/tribe_events\/16203\/revisions\/16204"}],"wp:featuredmedia":[{"embeddable":true,"href":"https:\/\/bibliovaud.ch\/index.php?rest_route=\/wp\/v2\/media\/16205"}],"wp:attachment":[{"href":"https:\/\/bibliovaud.ch\/index.php?rest_route=%2Fwp%2Fv2%2Fmedia&parent=16203"}],"wp:term":[{"taxonomy":"post_tag","embeddable":true,"href":"https:\/\/bibliovaud.ch\/index.php?rest_route=%2Fwp%2Fv2%2Ftags&post=16203"},{"taxonomy":"tribe_events_cat","embeddable":true,"href":"https:\/\/bibliovaud.ch\/index.php?rest_route=%2Fwp%2Fv2%2Ftribe_events_cat&post=16203"}],"curies":[{"name":"wp","href":"https:\/\/api.w.org\/{rel}","templated":true}]}}

<a href="https://bibliovaud.ch/?tribe_events=vernissage-cycle-cest-mort"><img loading="lazy" decoding="async" width="170" height="170" src="https://bibliovaud.ch/wp-content/uploads/13-3-170x170.jpg" class="alignleft post-theming-left wp-post-image" alt="" srcset="https://bibliovaud.ch/wp-content/uploads/13-3-170x170.jpg 170w, https://bibliovaud.ch/wp-content/uploads/13-3-100x100.jpg 100w" sizes="auto, (max-width: 170px) 85vw, 170px" /></a>Découvrez votre Bibliothèque comme vous ne l’avez jamais vue avec le nouveau Changement de décor et un concert de Mélissa Laveaux !
Cette année, le Changement de décor prend la forme d&#8217;un projet participatif. Nous avons invité nos usager·ère·s à participer à un atelier créatif autour du deuil avec la photographe Delphine Schacher. À partir d&#8217;une photo d&#8217;un·e proche et de fleurs cueillies, les participant·e·s ont pu fabriquer leur propre cyanotype en hommage à leurs défunt·e·s. La photographe Delphine Schacher a ensuite numérisé ces créations, afin de les exposer dans la Bibliothèque.
Delphine Schacher est diplômée de l&#8217;École de Photographie de Vevey. [...]<div class="post-theming-cleared"> </div>

<a href="https://bibliovaud.ch/?tribe_events=vernissage-cycle-cest-mort"><img width="170" height="170" src="https://bibliovaud.ch/wp-content/uploads/13-3-170x170.jpg" class="alignleft post-theming-left wp-post-image" alt="" decoding="async" loading="lazy" srcset="https://bibliovaud.ch/wp-content/uploads/13-3-170x170.jpg 170w, https://bibliovaud.ch/wp-content/uploads/13-3-100x100.jpg 100w" sizes="auto, (max-width: 170px) 85vw, 170px" /></a>Découvrez votre Bibliothèque comme vous ne l’avez jamais vue avec le nouveau Changement de décor et un concert de Mélissa Laveaux ! Cette année, le Changement de décor prend la &hellip; Continuer la lecture de &laquo;&nbsp;Vernissage cycle C&#8217;est mort.&nbsp;&raquo;
<div class="post-theming-cleared"> </div>
