{"id":16213,"date":"2025-12-03T12:21:14","date_gmt":"2025-12-03T11:21:14","guid":{"rendered":"https:\/\/bibliovaud.ch\/?post_type=tribe_events&#038;p=16213"},"modified":"2025-12-03T12:21:33","modified_gmt":"2025-12-03T11:21:33","slug":"cest-une-autre-histoire-lillustration","status":"publish","type":"tribe_events","link":"https:\/\/bibliovaud.ch\/?tribe_events=cest-une-autre-histoire-lillustration","title":{"rendered":"C&#8217;est une autre histoire ! L&#8217;illustration"},"content":{"rendered":"<a href=\"https:\/\/bibliovaud.ch\/?tribe_events=cest-une-autre-histoire-lillustration\"><img loading=\"lazy\" decoding=\"async\" width=\"170\" height=\"170\" src=\"https:\/\/bibliovaud.ch\/wp-content\/uploads\/cest-une-autre-histoire-rond-ID-7137031-170x170.png\" class=\"alignleft post-theming-left wp-post-image\" alt=\"\" srcset=\"https:\/\/bibliovaud.ch\/wp-content\/uploads\/cest-une-autre-histoire-rond-ID-7137031-170x170.png 170w, https:\/\/bibliovaud.ch\/wp-content\/uploads\/cest-une-autre-histoire-rond-ID-7137031-300x300.png 300w, https:\/\/bibliovaud.ch\/wp-content\/uploads\/cest-une-autre-histoire-rond-ID-7137031-100x100.png 100w, https:\/\/bibliovaud.ch\/wp-content\/uploads\/cest-une-autre-histoire-rond-ID-7137031-768x768.png 768w, https:\/\/bibliovaud.ch\/wp-content\/uploads\/cest-une-autre-histoire-rond-ID-7137031.png 1200w\" sizes=\"auto, (max-width: 170px) 85vw, 170px\" \/><\/a>Avec Chlo\u00e9, Emilie et Vamille\nPour les enfants d\u00e8s 6 ans accompagn\u00e9\u00b7e\u00b7s d&#8217;un\u00b7e adulte\nAvec un simple crayon, on peut imaginer tout un monde. Les enfants l&#8217;ont bien compris, le dessin a une place importante dans leur vie. Et dans les livres pour la jeunesse aussi, l&#8217;illustration y est essentielle.\nUne fois n&#8217;est pas coutume, Chlo\u00e9 et Emilie liront des histoires sans images qui seront illustr\u00e9es en direct par Vamille. L&#8217;autrice de BD et illustratrice fribourgeoise improvisera des dessins qui seront projet\u00e9s sur un \u00e9cran. Elle proposera ensuite un mini atelier afin d&#8217;apprendre \u00e0 dessiner un personnage ou un animal.\n<div class=\"post-theming-cleared\"> <\/div>","protected":false},"excerpt":{"rendered":"<a href=\"https:\/\/bibliovaud.ch\/?tribe_events=cest-une-autre-histoire-lillustration\"><img width=\"170\" height=\"170\" src=\"https:\/\/bibliovaud.ch\/wp-content\/uploads\/cest-une-autre-histoire-rond-ID-7137031-170x170.png\" class=\"alignleft post-theming-left wp-post-image\" alt=\"\" decoding=\"async\" loading=\"lazy\" srcset=\"https:\/\/bibliovaud.ch\/wp-content\/uploads\/cest-une-autre-histoire-rond-ID-7137031-170x170.png 170w, https:\/\/bibliovaud.ch\/wp-content\/uploads\/cest-une-autre-histoire-rond-ID-7137031-300x300.png 300w, https:\/\/bibliovaud.ch\/wp-content\/uploads\/cest-une-autre-histoire-rond-ID-7137031-100x100.png 100w, https:\/\/bibliovaud.ch\/wp-content\/uploads\/cest-une-autre-histoire-rond-ID-7137031-768x768.png 768w, https:\/\/bibliovaud.ch\/wp-content\/uploads\/cest-une-autre-histoire-rond-ID-7137031.png 1200w\" sizes=\"auto, (max-width: 170px) 85vw, 170px\" \/><\/a>Avec Chlo\u00e9, Emilie et Vamille Pour les enfants d\u00e8s 6 ans accompagn\u00e9\u00b7e\u00b7s d&#8217;un\u00b7e adulte Avec un simple crayon, on peut imaginer tout un monde. Les enfants l&#8217;ont bien compris, le &hellip; Continuer la lecture de &laquo;&nbsp;C&#8217;est une autre histoire ! L&#8217;illustration&nbsp;&raquo;\n<div class=\"post-theming-cleared\"> <\/div>","protected":false},"author":10,"featured_media":16171,"template":"","meta":{"om_disable_all_campaigns":false,"_monsterinsights_skip_tracking":false,"_monsterinsights_sitenote_active":false,"_monsterinsights_sitenote_note":"","_monsterinsights_sitenote_category":0,"_tribe_events_status":"","_tribe_events_status_reason":"","footnotes":""},"tags":[],"tribe_events_cat":[364,373,372],"class_list":["post-16213","tribe_events","type-tribe_events","status-publish","has-post-thumbnail","hentry","tribe_events_cat-atelier","tribe_events_cat-heure-du-conte","tribe_events_cat-lecture","cat_atelier","cat_heure-du-conte","cat_lecture"],"aioseo_notices":[],"_links":{"self":[{"href":"https:\/\/bibliovaud.ch\/index.php?rest_route=\/wp\/v2\/tribe_events\/16213","targetHints":{"allow":["GET"]}}],"collection":[{"href":"https:\/\/bibliovaud.ch\/index.php?rest_route=\/wp\/v2\/tribe_events"}],"about":[{"href":"https:\/\/bibliovaud.ch\/index.php?rest_route=\/wp\/v2\/types\/tribe_events"}],"author":[{"embeddable":true,"href":"https:\/\/bibliovaud.ch\/index.php?rest_route=\/wp\/v2\/users\/10"}],"version-history":[{"count":1,"href":"https:\/\/bibliovaud.ch\/index.php?rest_route=\/wp\/v2\/tribe_events\/16213\/revisions"}],"predecessor-version":[{"id":16214,"href":"https:\/\/bibliovaud.ch\/index.php?rest_route=\/wp\/v2\/tribe_events\/16213\/revisions\/16214"}],"wp:featuredmedia":[{"embeddable":true,"href":"https:\/\/bibliovaud.ch\/index.php?rest_route=\/wp\/v2\/media\/16171"}],"wp:attachment":[{"href":"https:\/\/bibliovaud.ch\/index.php?rest_route=%2Fwp%2Fv2%2Fmedia&parent=16213"}],"wp:term":[{"taxonomy":"post_tag","embeddable":true,"href":"https:\/\/bibliovaud.ch\/index.php?rest_route=%2Fwp%2Fv2%2Ftags&post=16213"},{"taxonomy":"tribe_events_cat","embeddable":true,"href":"https:\/\/bibliovaud.ch\/index.php?rest_route=%2Fwp%2Fv2%2Ftribe_events_cat&post=16213"}],"curies":[{"name":"wp","href":"https:\/\/api.w.org\/{rel}","templated":true}]}}

<a href="https://bibliovaud.ch/?tribe_events=cest-une-autre-histoire-lillustration"><img loading="lazy" decoding="async" width="170" height="170" src="https://bibliovaud.ch/wp-content/uploads/cest-une-autre-histoire-rond-ID-7137031-170x170.png" class="alignleft post-theming-left wp-post-image" alt="" srcset="https://bibliovaud.ch/wp-content/uploads/cest-une-autre-histoire-rond-ID-7137031-170x170.png 170w, https://bibliovaud.ch/wp-content/uploads/cest-une-autre-histoire-rond-ID-7137031-300x300.png 300w, https://bibliovaud.ch/wp-content/uploads/cest-une-autre-histoire-rond-ID-7137031-100x100.png 100w, https://bibliovaud.ch/wp-content/uploads/cest-une-autre-histoire-rond-ID-7137031-768x768.png 768w, https://bibliovaud.ch/wp-content/uploads/cest-une-autre-histoire-rond-ID-7137031.png 1200w" sizes="auto, (max-width: 170px) 85vw, 170px" /></a>Avec Chloé, Emilie et Vamille
Pour les enfants dès 6 ans accompagné·e·s d&#8217;un·e adulte
Avec un simple crayon, on peut imaginer tout un monde. Les enfants l&#8217;ont bien compris, le dessin a une place importante dans leur vie. Et dans les livres pour la jeunesse aussi, l&#8217;illustration y est essentielle.
Une fois n&#8217;est pas coutume, Chloé et Emilie liront des histoires sans images qui seront illustrées en direct par Vamille. L&#8217;autrice de BD et illustratrice fribourgeoise improvisera des dessins qui seront projetés sur un écran. Elle proposera ensuite un mini atelier afin d&#8217;apprendre à dessiner un personnage ou un animal.
<div class="post-theming-cleared"> </div>

<a href="https://bibliovaud.ch/?tribe_events=cest-une-autre-histoire-lillustration"><img width="170" height="170" src="https://bibliovaud.ch/wp-content/uploads/cest-une-autre-histoire-rond-ID-7137031-170x170.png" class="alignleft post-theming-left wp-post-image" alt="" decoding="async" loading="lazy" srcset="https://bibliovaud.ch/wp-content/uploads/cest-une-autre-histoire-rond-ID-7137031-170x170.png 170w, https://bibliovaud.ch/wp-content/uploads/cest-une-autre-histoire-rond-ID-7137031-300x300.png 300w, https://bibliovaud.ch/wp-content/uploads/cest-une-autre-histoire-rond-ID-7137031-100x100.png 100w, https://bibliovaud.ch/wp-content/uploads/cest-une-autre-histoire-rond-ID-7137031-768x768.png 768w, https://bibliovaud.ch/wp-content/uploads/cest-une-autre-histoire-rond-ID-7137031.png 1200w" sizes="auto, (max-width: 170px) 85vw, 170px" /></a>Avec Chloé, Emilie et Vamille Pour les enfants dès 6 ans accompagné·e·s d&#8217;un·e adulte Avec un simple crayon, on peut imaginer tout un monde. Les enfants l&#8217;ont bien compris, le &hellip; Continuer la lecture de &laquo;&nbsp;C&#8217;est une autre histoire ! L&#8217;illustration&nbsp;&raquo;
<div class="post-theming-cleared"> </div>
