{"id":16220,"date":"2025-12-03T12:30:22","date_gmt":"2025-12-03T11:30:22","guid":{"rendered":"https:\/\/bibliovaud.ch\/?post_type=tribe_events&#038;p=16220"},"modified":"2025-12-03T12:30:22","modified_gmt":"2025-12-03T11:30:22","slug":"cafe-seniors-8","status":"publish","type":"tribe_events","link":"https:\/\/bibliovaud.ch\/?tribe_events=cafe-seniors-8","title":{"rendered":"Caf\u00e9 s\u00e9niors"},"content":{"rendered":"<a href=\"https:\/\/bibliovaud.ch\/?tribe_events=cafe-seniors-8\"><img loading=\"lazy\" decoding=\"async\" width=\"170\" height=\"170\" src=\"https:\/\/bibliovaud.ch\/wp-content\/uploads\/pictos-05-ID-7132948-170x170.jpg\" class=\"alignleft post-theming-left wp-post-image\" alt=\"\" srcset=\"https:\/\/bibliovaud.ch\/wp-content\/uploads\/pictos-05-ID-7132948-170x170.jpg 170w, https:\/\/bibliovaud.ch\/wp-content\/uploads\/pictos-05-ID-7132948-100x100.jpg 100w\" sizes=\"auto, (max-width: 170px) 85vw, 170px\" \/><\/a>Avec les \u00e9quipes du Panorama et de la Biblioth\u00e8que\nLe Centre de jour du Panorama et la Biblioth\u00e8que vous proposent une nouvelle rencontre : Les caf\u00e9s s\u00e9niors !\nLe concept est simple : une boisson, des biscuits (indispensables !), de chouettes rencontres ainsi qu&#8217;une s\u00e9lection de livres et de DVD faite pour vous et pr\u00e9sent\u00e9e par l&#8217;\u00e9quipe de la Biblioth\u00e8que.\nBienvenue \u00e0 toutes et tous !\n<div class=\"post-theming-cleared\"> <\/div>","protected":false},"excerpt":{"rendered":"<a href=\"https:\/\/bibliovaud.ch\/?tribe_events=cafe-seniors-8\"><img width=\"170\" height=\"170\" src=\"https:\/\/bibliovaud.ch\/wp-content\/uploads\/pictos-05-ID-7132948-170x170.jpg\" class=\"alignleft post-theming-left wp-post-image\" alt=\"\" decoding=\"async\" loading=\"lazy\" srcset=\"https:\/\/bibliovaud.ch\/wp-content\/uploads\/pictos-05-ID-7132948-170x170.jpg 170w, https:\/\/bibliovaud.ch\/wp-content\/uploads\/pictos-05-ID-7132948-100x100.jpg 100w\" sizes=\"auto, (max-width: 170px) 85vw, 170px\" \/><\/a>Avec les \u00e9quipes du Panorama et de la Biblioth\u00e8que Le Centre de jour du Panorama et la Biblioth\u00e8que vous proposent une nouvelle rencontre : Les caf\u00e9s s\u00e9niors ! Le concept &hellip; Continuer la lecture de &laquo;&nbsp;Caf\u00e9 s\u00e9niors&nbsp;&raquo;\n<div class=\"post-theming-cleared\"> <\/div>","protected":false},"author":10,"featured_media":16221,"template":"","meta":{"om_disable_all_campaigns":false,"_monsterinsights_skip_tracking":false,"_monsterinsights_sitenote_active":false,"_monsterinsights_sitenote_note":"","_monsterinsights_sitenote_category":0,"_tribe_events_status":"","_tribe_events_status_reason":"","footnotes":""},"tags":[],"tribe_events_cat":[372,520],"class_list":["post-16220","tribe_events","type-tribe_events","status-publish","has-post-thumbnail","hentry","tribe_events_cat-lecture","tribe_events_cat-rencontre","cat_lecture","cat_rencontre"],"aioseo_notices":[],"_links":{"self":[{"href":"https:\/\/bibliovaud.ch\/index.php?rest_route=\/wp\/v2\/tribe_events\/16220","targetHints":{"allow":["GET"]}}],"collection":[{"href":"https:\/\/bibliovaud.ch\/index.php?rest_route=\/wp\/v2\/tribe_events"}],"about":[{"href":"https:\/\/bibliovaud.ch\/index.php?rest_route=\/wp\/v2\/types\/tribe_events"}],"author":[{"embeddable":true,"href":"https:\/\/bibliovaud.ch\/index.php?rest_route=\/wp\/v2\/users\/10"}],"version-history":[{"count":1,"href":"https:\/\/bibliovaud.ch\/index.php?rest_route=\/wp\/v2\/tribe_events\/16220\/revisions"}],"predecessor-version":[{"id":16222,"href":"https:\/\/bibliovaud.ch\/index.php?rest_route=\/wp\/v2\/tribe_events\/16220\/revisions\/16222"}],"wp:featuredmedia":[{"embeddable":true,"href":"https:\/\/bibliovaud.ch\/index.php?rest_route=\/wp\/v2\/media\/16221"}],"wp:attachment":[{"href":"https:\/\/bibliovaud.ch\/index.php?rest_route=%2Fwp%2Fv2%2Fmedia&parent=16220"}],"wp:term":[{"taxonomy":"post_tag","embeddable":true,"href":"https:\/\/bibliovaud.ch\/index.php?rest_route=%2Fwp%2Fv2%2Ftags&post=16220"},{"taxonomy":"tribe_events_cat","embeddable":true,"href":"https:\/\/bibliovaud.ch\/index.php?rest_route=%2Fwp%2Fv2%2Ftribe_events_cat&post=16220"}],"curies":[{"name":"wp","href":"https:\/\/api.w.org\/{rel}","templated":true}]}}

Café séniors

<a href="https://bibliovaud.ch/?tribe_events=cafe-seniors-8"><img loading="lazy" decoding="async" width="170" height="170" src="https://bibliovaud.ch/wp-content/uploads/pictos-05-ID-7132948-170x170.jpg" class="alignleft post-theming-left wp-post-image" alt="" srcset="https://bibliovaud.ch/wp-content/uploads/pictos-05-ID-7132948-170x170.jpg 170w, https://bibliovaud.ch/wp-content/uploads/pictos-05-ID-7132948-100x100.jpg 100w" sizes="auto, (max-width: 170px) 85vw, 170px" /></a>Avec les équipes du Panorama et de la Bibliothèque
Le Centre de jour du Panorama et la Bibliothèque vous proposent une nouvelle rencontre : Les cafés séniors !
Le concept est simple : une boisson, des biscuits (indispensables !), de chouettes rencontres ainsi qu&#8217;une sélection de livres et de DVD faite pour vous et présentée par l&#8217;équipe de la Bibliothèque.
Bienvenue à toutes et tous !
<div class="post-theming-cleared"> </div>

<a href="https://bibliovaud.ch/?tribe_events=cafe-seniors-8"><img width="170" height="170" src="https://bibliovaud.ch/wp-content/uploads/pictos-05-ID-7132948-170x170.jpg" class="alignleft post-theming-left wp-post-image" alt="" decoding="async" loading="lazy" srcset="https://bibliovaud.ch/wp-content/uploads/pictos-05-ID-7132948-170x170.jpg 170w, https://bibliovaud.ch/wp-content/uploads/pictos-05-ID-7132948-100x100.jpg 100w" sizes="auto, (max-width: 170px) 85vw, 170px" /></a>Avec les équipes du Panorama et de la Bibliothèque Le Centre de jour du Panorama et la Bibliothèque vous proposent une nouvelle rencontre : Les cafés séniors ! Le concept &hellip; Continuer la lecture de &laquo;&nbsp;Café séniors&nbsp;&raquo;
<div class="post-theming-cleared"> </div>
