{"id":16281,"date":"2026-01-22T14:42:31","date_gmt":"2026-01-22T13:42:31","guid":{"rendered":"https:\/\/bibliovaud.ch\/?post_type=tribe_events&#038;p=16281"},"modified":"2026-01-22T14:42:31","modified_gmt":"2026-01-22T13:42:31","slug":"cest-une-autre-histoire-les-chagrins","status":"publish","type":"tribe_events","link":"https:\/\/bibliovaud.ch\/?tribe_events=cest-une-autre-histoire-les-chagrins","title":{"rendered":"C&#8217;est une autre histoire ! Les chagrins"},"content":{"rendered":"<a href=\"https:\/\/bibliovaud.ch\/?tribe_events=cest-une-autre-histoire-les-chagrins\"><img loading=\"lazy\" decoding=\"async\" width=\"170\" height=\"170\" src=\"https:\/\/bibliovaud.ch\/wp-content\/uploads\/PICTOBELLO-23-web-Lucas-\u00a9Lucas-Olivet--170x170.jpg\" class=\"alignleft post-theming-left wp-post-image\" alt=\"\" srcset=\"https:\/\/bibliovaud.ch\/wp-content\/uploads\/PICTOBELLO-23-web-Lucas-\u00a9Lucas-Olivet--170x170.jpg 170w, https:\/\/bibliovaud.ch\/wp-content\/uploads\/PICTOBELLO-23-web-Lucas-\u00a9Lucas-Olivet--100x100.jpg 100w\" sizes=\"auto, (max-width: 170px) 85vw, 170px\" \/><\/a>Avec M\u00e9lanie, Emilie et Lucas Ferrero\nPour les enfants d\u00e8s 6 ans accompagn\u00e9\u00b7e\u00b7s d&#8217;un\u00b7e adulte\nDans la vie, on a toutes sortes de chagrins.\nDes petits et des tr\u00e8s grands.\nOn ressent une palette d&#8217;\u00e9motions qui ne sont pas toujours faciles \u00e0 g\u00e9rer ou \u00e0 expliquer.Viens \u00e9couter des histoires tellement bien que tu auras l&#8217;impression qu&#8217;elles ont \u00e9t\u00e9 \u00e9crites pour toi ! Puis, cr\u00e9e avec l&#8217;artiste Lucas Ferrero un petit carnet qui illustrera l&#8217;histoire de personnages qui traversent un chagrin.\nAvec ton crayon, \u00e0 toi le pouvoir de l&#8217;imagination !\n<div class=\"post-theming-cleared\"> <\/div>","protected":false},"excerpt":{"rendered":"<a href=\"https:\/\/bibliovaud.ch\/?tribe_events=cest-une-autre-histoire-les-chagrins\"><img width=\"170\" height=\"170\" src=\"https:\/\/bibliovaud.ch\/wp-content\/uploads\/PICTOBELLO-23-web-Lucas-\u00a9Lucas-Olivet--170x170.jpg\" class=\"alignleft post-theming-left wp-post-image\" alt=\"\" decoding=\"async\" loading=\"lazy\" srcset=\"https:\/\/bibliovaud.ch\/wp-content\/uploads\/PICTOBELLO-23-web-Lucas-\u00a9Lucas-Olivet--170x170.jpg 170w, https:\/\/bibliovaud.ch\/wp-content\/uploads\/PICTOBELLO-23-web-Lucas-\u00a9Lucas-Olivet--100x100.jpg 100w\" sizes=\"auto, (max-width: 170px) 85vw, 170px\" \/><\/a>Avec M\u00e9lanie, Emilie et Lucas Ferrero Pour les enfants d\u00e8s 6 ans accompagn\u00e9\u00b7e\u00b7s d&#8217;un\u00b7e adulte Dans la vie, on a toutes sortes de chagrins. Des petits et des tr\u00e8s grands. &hellip; Continuer la lecture de &laquo;&nbsp;C&#8217;est une autre histoire ! Les chagrins&nbsp;&raquo;\n<div class=\"post-theming-cleared\"> <\/div>","protected":false},"author":10,"featured_media":16282,"template":"","meta":{"om_disable_all_campaigns":false,"_monsterinsights_skip_tracking":false,"_monsterinsights_sitenote_active":false,"_monsterinsights_sitenote_note":"","_monsterinsights_sitenote_category":0,"_tribe_events_status":"","_tribe_events_status_reason":"","footnotes":""},"tags":[],"tribe_events_cat":[364,372],"class_list":["post-16281","tribe_events","type-tribe_events","status-publish","has-post-thumbnail","hentry","tribe_events_cat-atelier","tribe_events_cat-lecture","cat_atelier","cat_lecture"],"aioseo_notices":[],"_links":{"self":[{"href":"https:\/\/bibliovaud.ch\/index.php?rest_route=\/wp\/v2\/tribe_events\/16281","targetHints":{"allow":["GET"]}}],"collection":[{"href":"https:\/\/bibliovaud.ch\/index.php?rest_route=\/wp\/v2\/tribe_events"}],"about":[{"href":"https:\/\/bibliovaud.ch\/index.php?rest_route=\/wp\/v2\/types\/tribe_events"}],"author":[{"embeddable":true,"href":"https:\/\/bibliovaud.ch\/index.php?rest_route=\/wp\/v2\/users\/10"}],"version-history":[{"count":1,"href":"https:\/\/bibliovaud.ch\/index.php?rest_route=\/wp\/v2\/tribe_events\/16281\/revisions"}],"predecessor-version":[{"id":16283,"href":"https:\/\/bibliovaud.ch\/index.php?rest_route=\/wp\/v2\/tribe_events\/16281\/revisions\/16283"}],"wp:featuredmedia":[{"embeddable":true,"href":"https:\/\/bibliovaud.ch\/index.php?rest_route=\/wp\/v2\/media\/16282"}],"wp:attachment":[{"href":"https:\/\/bibliovaud.ch\/index.php?rest_route=%2Fwp%2Fv2%2Fmedia&parent=16281"}],"wp:term":[{"taxonomy":"post_tag","embeddable":true,"href":"https:\/\/bibliovaud.ch\/index.php?rest_route=%2Fwp%2Fv2%2Ftags&post=16281"},{"taxonomy":"tribe_events_cat","embeddable":true,"href":"https:\/\/bibliovaud.ch\/index.php?rest_route=%2Fwp%2Fv2%2Ftribe_events_cat&post=16281"}],"curies":[{"name":"wp","href":"https:\/\/api.w.org\/{rel}","templated":true}]}}

<a href="https://bibliovaud.ch/?tribe_events=cest-une-autre-histoire-les-chagrins"><img loading="lazy" decoding="async" width="170" height="170" src="https://bibliovaud.ch/wp-content/uploads/PICTOBELLO-23-web-Lucas-©Lucas-Olivet--170x170.jpg" class="alignleft post-theming-left wp-post-image" alt="" srcset="https://bibliovaud.ch/wp-content/uploads/PICTOBELLO-23-web-Lucas-©Lucas-Olivet--170x170.jpg 170w, https://bibliovaud.ch/wp-content/uploads/PICTOBELLO-23-web-Lucas-©Lucas-Olivet--100x100.jpg 100w" sizes="auto, (max-width: 170px) 85vw, 170px" /></a>Avec Mélanie, Emilie et Lucas Ferrero
Pour les enfants dès 6 ans accompagné·e·s d&#8217;un·e adulte
Dans la vie, on a toutes sortes de chagrins.
Des petits et des très grands.
On ressent une palette d&#8217;émotions qui ne sont pas toujours faciles à gérer ou à expliquer.Viens écouter des histoires tellement bien que tu auras l&#8217;impression qu&#8217;elles ont été écrites pour toi ! Puis, crée avec l&#8217;artiste Lucas Ferrero un petit carnet qui illustrera l&#8217;histoire de personnages qui traversent un chagrin.
Avec ton crayon, à toi le pouvoir de l&#8217;imagination !
<div class="post-theming-cleared"> </div>

<a href="https://bibliovaud.ch/?tribe_events=cest-une-autre-histoire-les-chagrins"><img width="170" height="170" src="https://bibliovaud.ch/wp-content/uploads/PICTOBELLO-23-web-Lucas-©Lucas-Olivet--170x170.jpg" class="alignleft post-theming-left wp-post-image" alt="" decoding="async" loading="lazy" srcset="https://bibliovaud.ch/wp-content/uploads/PICTOBELLO-23-web-Lucas-©Lucas-Olivet--170x170.jpg 170w, https://bibliovaud.ch/wp-content/uploads/PICTOBELLO-23-web-Lucas-©Lucas-Olivet--100x100.jpg 100w" sizes="auto, (max-width: 170px) 85vw, 170px" /></a>Avec Mélanie, Emilie et Lucas Ferrero Pour les enfants dès 6 ans accompagné·e·s d&#8217;un·e adulte Dans la vie, on a toutes sortes de chagrins. Des petits et des très grands. &hellip; Continuer la lecture de &laquo;&nbsp;C&#8217;est une autre histoire ! Les chagrins&nbsp;&raquo;
<div class="post-theming-cleared"> </div>
