{"id":16311,"date":"2026-01-22T15:19:00","date_gmt":"2026-01-22T14:19:00","guid":{"rendered":"https:\/\/bibliovaud.ch\/?post_type=tribe_events&#038;p=16311"},"modified":"2026-01-22T15:19:00","modified_gmt":"2026-01-22T14:19:00","slug":"inegales-et-inegaux-jusque-dans-la-mort","status":"publish","type":"tribe_events","link":"https:\/\/bibliovaud.ch\/?tribe_events=inegales-et-inegaux-jusque-dans-la-mort","title":{"rendered":"In\u00e9gales et in\u00e9gaux jusque dans la mort"},"content":{"rendered":"<a href=\"https:\/\/bibliovaud.ch\/?tribe_events=inegales-et-inegaux-jusque-dans-la-mort\"><img loading=\"lazy\" decoding=\"async\" width=\"170\" height=\"170\" src=\"https:\/\/bibliovaud.ch\/wp-content\/uploads\/BiblioVevey-programme-2026-V04-170x170.jpg\" class=\"alignleft post-theming-left wp-post-image\" alt=\"\" srcset=\"https:\/\/bibliovaud.ch\/wp-content\/uploads\/BiblioVevey-programme-2026-V04-170x170.jpg 170w, https:\/\/bibliovaud.ch\/wp-content\/uploads\/BiblioVevey-programme-2026-V04-100x100.jpg 100w\" sizes=\"auto, (max-width: 170px) 85vw, 170px\" \/><\/a>Avec Manu Anex, Chantal Neuhaus et Malick Reinhard\nMod\u00e9ration : Pamela Ohene-Nyako\nOn entend souvent que devant la mort, nous sommes \u00e9gales et \u00e9gaux, mais est-ce vraiment le cas ? Si la dur\u00e9e moyenne de vie n&#8217;a cess\u00e9 d&#8217;augmenter \u00e0 travers les si\u00e8cles, les in\u00e9galit\u00e9s socio-\u00e9conomiques sont souvent n\u00e9glig\u00e9es. Il a \u00e9t\u00e9 d\u00e9montr\u00e9 qu&#8217;un homme cadre vit plus longtemps qu&#8217;un homme ouvrier. Selon une \u00e9tude, les femmes noires \u00e0 New York sont 12 fois plus susceptibles que les femmes blanches de mourir durant leur grossesse. Et qu&#8217;en est-il des minorit\u00e9s comme les personnes LGBTIQ+ ou les personnes en situation de handicap ? [...]<div class=\"post-theming-cleared\"> <\/div>","protected":false},"excerpt":{"rendered":"<a href=\"https:\/\/bibliovaud.ch\/?tribe_events=inegales-et-inegaux-jusque-dans-la-mort\"><img width=\"170\" height=\"170\" src=\"https:\/\/bibliovaud.ch\/wp-content\/uploads\/BiblioVevey-programme-2026-V04-170x170.jpg\" class=\"alignleft post-theming-left wp-post-image\" alt=\"\" decoding=\"async\" loading=\"lazy\" srcset=\"https:\/\/bibliovaud.ch\/wp-content\/uploads\/BiblioVevey-programme-2026-V04-170x170.jpg 170w, https:\/\/bibliovaud.ch\/wp-content\/uploads\/BiblioVevey-programme-2026-V04-100x100.jpg 100w\" sizes=\"auto, (max-width: 170px) 85vw, 170px\" \/><\/a>Avec Manu Anex, Chantal Neuhaus et Malick Reinhard Mod\u00e9ration : Pamela Ohene-Nyako On entend souvent que devant la mort, nous sommes \u00e9gales et \u00e9gaux, mais est-ce vraiment le cas ? &hellip; Continuer la lecture de &laquo;&nbsp;In\u00e9gales et in\u00e9gaux jusque dans la mort&nbsp;&raquo;\n<div class=\"post-theming-cleared\"> <\/div>","protected":false},"author":10,"featured_media":16312,"template":"","meta":{"om_disable_all_campaigns":false,"_monsterinsights_skip_tracking":false,"_monsterinsights_sitenote_active":false,"_monsterinsights_sitenote_note":"","_monsterinsights_sitenote_category":0,"_tribe_events_status":"","_tribe_events_status_reason":"","footnotes":""},"tags":[],"tribe_events_cat":[459],"class_list":["post-16311","tribe_events","type-tribe_events","status-publish","has-post-thumbnail","hentry","tribe_events_cat-conference","cat_conference"],"aioseo_notices":[],"_links":{"self":[{"href":"https:\/\/bibliovaud.ch\/index.php?rest_route=\/wp\/v2\/tribe_events\/16311","targetHints":{"allow":["GET"]}}],"collection":[{"href":"https:\/\/bibliovaud.ch\/index.php?rest_route=\/wp\/v2\/tribe_events"}],"about":[{"href":"https:\/\/bibliovaud.ch\/index.php?rest_route=\/wp\/v2\/types\/tribe_events"}],"author":[{"embeddable":true,"href":"https:\/\/bibliovaud.ch\/index.php?rest_route=\/wp\/v2\/users\/10"}],"version-history":[{"count":1,"href":"https:\/\/bibliovaud.ch\/index.php?rest_route=\/wp\/v2\/tribe_events\/16311\/revisions"}],"predecessor-version":[{"id":16313,"href":"https:\/\/bibliovaud.ch\/index.php?rest_route=\/wp\/v2\/tribe_events\/16311\/revisions\/16313"}],"wp:featuredmedia":[{"embeddable":true,"href":"https:\/\/bibliovaud.ch\/index.php?rest_route=\/wp\/v2\/media\/16312"}],"wp:attachment":[{"href":"https:\/\/bibliovaud.ch\/index.php?rest_route=%2Fwp%2Fv2%2Fmedia&parent=16311"}],"wp:term":[{"taxonomy":"post_tag","embeddable":true,"href":"https:\/\/bibliovaud.ch\/index.php?rest_route=%2Fwp%2Fv2%2Ftags&post=16311"},{"taxonomy":"tribe_events_cat","embeddable":true,"href":"https:\/\/bibliovaud.ch\/index.php?rest_route=%2Fwp%2Fv2%2Ftribe_events_cat&post=16311"}],"curies":[{"name":"wp","href":"https:\/\/api.w.org\/{rel}","templated":true}]}}

Inégales et inégaux jusque dans la mort

<a href="https://bibliovaud.ch/?tribe_events=inegales-et-inegaux-jusque-dans-la-mort"><img loading="lazy" decoding="async" width="170" height="170" src="https://bibliovaud.ch/wp-content/uploads/BiblioVevey-programme-2026-V04-170x170.jpg" class="alignleft post-theming-left wp-post-image" alt="" srcset="https://bibliovaud.ch/wp-content/uploads/BiblioVevey-programme-2026-V04-170x170.jpg 170w, https://bibliovaud.ch/wp-content/uploads/BiblioVevey-programme-2026-V04-100x100.jpg 100w" sizes="auto, (max-width: 170px) 85vw, 170px" /></a>Avec Manu Anex, Chantal Neuhaus et Malick Reinhard
Modération : Pamela Ohene-Nyako
On entend souvent que devant la mort, nous sommes égales et égaux, mais est-ce vraiment le cas ? Si la durée moyenne de vie n&#8217;a cessé d&#8217;augmenter à travers les siècles, les inégalités socio-économiques sont souvent négligées. Il a été démontré qu&#8217;un homme cadre vit plus longtemps qu&#8217;un homme ouvrier. Selon une étude, les femmes noires à New York sont 12 fois plus susceptibles que les femmes blanches de mourir durant leur grossesse. Et qu&#8217;en est-il des minorités comme les personnes LGBTIQ+ ou les personnes en situation de handicap ? [...]<div class="post-theming-cleared"> </div>

<a href="https://bibliovaud.ch/?tribe_events=inegales-et-inegaux-jusque-dans-la-mort"><img width="170" height="170" src="https://bibliovaud.ch/wp-content/uploads/BiblioVevey-programme-2026-V04-170x170.jpg" class="alignleft post-theming-left wp-post-image" alt="" decoding="async" loading="lazy" srcset="https://bibliovaud.ch/wp-content/uploads/BiblioVevey-programme-2026-V04-170x170.jpg 170w, https://bibliovaud.ch/wp-content/uploads/BiblioVevey-programme-2026-V04-100x100.jpg 100w" sizes="auto, (max-width: 170px) 85vw, 170px" /></a>Avec Manu Anex, Chantal Neuhaus et Malick Reinhard Modération : Pamela Ohene-Nyako On entend souvent que devant la mort, nous sommes égales et égaux, mais est-ce vraiment le cas ? &hellip; Continuer la lecture de &laquo;&nbsp;Inégales et inégaux jusque dans la mort&nbsp;&raquo;
<div class="post-theming-cleared"> </div>
