{"id":16316,"date":"2026-01-22T15:22:02","date_gmt":"2026-01-22T14:22:02","guid":{"rendered":"https:\/\/bibliovaud.ch\/?post_type=tribe_events&#038;p=16316"},"modified":"2026-01-22T15:22:02","modified_gmt":"2026-01-22T14:22:02","slug":"cest-une-autre-histoire-la-fete-de-la-nature","status":"publish","type":"tribe_events","link":"https:\/\/bibliovaud.ch\/?tribe_events=cest-une-autre-histoire-la-fete-de-la-nature","title":{"rendered":"C&#8217;est une autre histoire ! La F\u00eate de la nature"},"content":{"rendered":"<a href=\"https:\/\/bibliovaud.ch\/?tribe_events=cest-une-autre-histoire-la-fete-de-la-nature\"><img loading=\"lazy\" decoding=\"async\" width=\"170\" height=\"170\" src=\"https:\/\/bibliovaud.ch\/wp-content\/uploads\/BiblioVevey-programme-2026-V052-170x170.png\" class=\"alignleft post-theming-left wp-post-image\" alt=\"\" srcset=\"https:\/\/bibliovaud.ch\/wp-content\/uploads\/BiblioVevey-programme-2026-V052-170x170.png 170w, https:\/\/bibliovaud.ch\/wp-content\/uploads\/BiblioVevey-programme-2026-V052-100x100.png 100w\" sizes=\"auto, (max-width: 170px) 85vw, 170px\" \/><\/a>Avec Emilie, Myl\u00e8ne, Alice Perritaz et Viviane Boson\nPour les enfants d\u00e8s 6 ans accompagn\u00e9\u00b7e\u00b7s d&#8217;un\u00b7e adulte\nC&#8217;est la F\u00eate de la Nature ! Plein d&#8217;activit\u00e9s sont organis\u00e9es \u00e0 Vevey mais aussi dans toute la Suisse.\nViens \u00e9couter des histoires 100 % nature et fabrique avec l&#8217;artiste Alice Perritaz des oiseaux en papier \u00e0 planter partout o\u00f9 tu le souhaites !\nAnimation interpr\u00e9t\u00e9e en Langue des Signes Fran\u00e7aise (LSF).\n<div class=\"post-theming-cleared\"> <\/div>","protected":false},"excerpt":{"rendered":"<a href=\"https:\/\/bibliovaud.ch\/?tribe_events=cest-une-autre-histoire-la-fete-de-la-nature\"><img width=\"170\" height=\"170\" src=\"https:\/\/bibliovaud.ch\/wp-content\/uploads\/BiblioVevey-programme-2026-V052-170x170.png\" class=\"alignleft post-theming-left wp-post-image\" alt=\"\" decoding=\"async\" loading=\"lazy\" srcset=\"https:\/\/bibliovaud.ch\/wp-content\/uploads\/BiblioVevey-programme-2026-V052-170x170.png 170w, https:\/\/bibliovaud.ch\/wp-content\/uploads\/BiblioVevey-programme-2026-V052-100x100.png 100w\" sizes=\"auto, (max-width: 170px) 85vw, 170px\" \/><\/a>Avec Emilie, Myl\u00e8ne, Alice Perritaz et Viviane Boson Pour les enfants d\u00e8s 6 ans accompagn\u00e9\u00b7e\u00b7s d&#8217;un\u00b7e adulte C&#8217;est la F\u00eate de la Nature ! Plein d&#8217;activit\u00e9s sont organis\u00e9es \u00e0 Vevey &hellip; Continuer la lecture de &laquo;&nbsp;C&#8217;est une autre histoire ! La F\u00eate de la nature&nbsp;&raquo;\n<div class=\"post-theming-cleared\"> <\/div>","protected":false},"author":10,"featured_media":16317,"template":"","meta":{"om_disable_all_campaigns":false,"_monsterinsights_skip_tracking":false,"_monsterinsights_sitenote_active":false,"_monsterinsights_sitenote_note":"","_monsterinsights_sitenote_category":0,"_tribe_events_status":"","_tribe_events_status_reason":"","footnotes":""},"tags":[],"tribe_events_cat":[364],"class_list":["post-16316","tribe_events","type-tribe_events","status-publish","has-post-thumbnail","hentry","tribe_events_cat-atelier","cat_atelier"],"aioseo_notices":[],"_links":{"self":[{"href":"https:\/\/bibliovaud.ch\/index.php?rest_route=\/wp\/v2\/tribe_events\/16316","targetHints":{"allow":["GET"]}}],"collection":[{"href":"https:\/\/bibliovaud.ch\/index.php?rest_route=\/wp\/v2\/tribe_events"}],"about":[{"href":"https:\/\/bibliovaud.ch\/index.php?rest_route=\/wp\/v2\/types\/tribe_events"}],"author":[{"embeddable":true,"href":"https:\/\/bibliovaud.ch\/index.php?rest_route=\/wp\/v2\/users\/10"}],"version-history":[{"count":1,"href":"https:\/\/bibliovaud.ch\/index.php?rest_route=\/wp\/v2\/tribe_events\/16316\/revisions"}],"predecessor-version":[{"id":16318,"href":"https:\/\/bibliovaud.ch\/index.php?rest_route=\/wp\/v2\/tribe_events\/16316\/revisions\/16318"}],"wp:featuredmedia":[{"embeddable":true,"href":"https:\/\/bibliovaud.ch\/index.php?rest_route=\/wp\/v2\/media\/16317"}],"wp:attachment":[{"href":"https:\/\/bibliovaud.ch\/index.php?rest_route=%2Fwp%2Fv2%2Fmedia&parent=16316"}],"wp:term":[{"taxonomy":"post_tag","embeddable":true,"href":"https:\/\/bibliovaud.ch\/index.php?rest_route=%2Fwp%2Fv2%2Ftags&post=16316"},{"taxonomy":"tribe_events_cat","embeddable":true,"href":"https:\/\/bibliovaud.ch\/index.php?rest_route=%2Fwp%2Fv2%2Ftribe_events_cat&post=16316"}],"curies":[{"name":"wp","href":"https:\/\/api.w.org\/{rel}","templated":true}]}}

C&#8217;est une autre histoire ! La Fête de la nature

<a href="https://bibliovaud.ch/?tribe_events=cest-une-autre-histoire-la-fete-de-la-nature"><img loading="lazy" decoding="async" width="170" height="170" src="https://bibliovaud.ch/wp-content/uploads/BiblioVevey-programme-2026-V052-170x170.png" class="alignleft post-theming-left wp-post-image" alt="" srcset="https://bibliovaud.ch/wp-content/uploads/BiblioVevey-programme-2026-V052-170x170.png 170w, https://bibliovaud.ch/wp-content/uploads/BiblioVevey-programme-2026-V052-100x100.png 100w" sizes="auto, (max-width: 170px) 85vw, 170px" /></a>Avec Emilie, Mylène, Alice Perritaz et Viviane Boson
Pour les enfants dès 6 ans accompagné·e·s d&#8217;un·e adulte
C&#8217;est la Fête de la Nature ! Plein d&#8217;activités sont organisées à Vevey mais aussi dans toute la Suisse.
Viens écouter des histoires 100 % nature et fabrique avec l&#8217;artiste Alice Perritaz des oiseaux en papier à planter partout où tu le souhaites !
Animation interprétée en Langue des Signes Française (LSF).
<div class="post-theming-cleared"> </div>

<a href="https://bibliovaud.ch/?tribe_events=cest-une-autre-histoire-la-fete-de-la-nature"><img width="170" height="170" src="https://bibliovaud.ch/wp-content/uploads/BiblioVevey-programme-2026-V052-170x170.png" class="alignleft post-theming-left wp-post-image" alt="" decoding="async" loading="lazy" srcset="https://bibliovaud.ch/wp-content/uploads/BiblioVevey-programme-2026-V052-170x170.png 170w, https://bibliovaud.ch/wp-content/uploads/BiblioVevey-programme-2026-V052-100x100.png 100w" sizes="auto, (max-width: 170px) 85vw, 170px" /></a>Avec Emilie, Mylène, Alice Perritaz et Viviane Boson Pour les enfants dès 6 ans accompagné·e·s d&#8217;un·e adulte C&#8217;est la Fête de la Nature ! Plein d&#8217;activités sont organisées à Vevey &hellip; Continuer la lecture de &laquo;&nbsp;C&#8217;est une autre histoire ! La Fête de la nature&nbsp;&raquo;
<div class="post-theming-cleared"> </div>
