{"id":16347,"date":"2026-01-22T15:58:43","date_gmt":"2026-01-22T14:58:43","guid":{"rendered":"https:\/\/bibliovaud.ch\/?post_type=tribe_events&#038;p=16347"},"modified":"2026-01-22T15:58:43","modified_gmt":"2026-01-22T14:58:43","slug":"mois-des-fiertes","status":"publish","type":"tribe_events","link":"https:\/\/bibliovaud.ch\/?tribe_events=mois-des-fiertes","title":{"rendered":"Mois des fiert\u00e9s"},"content":{"rendered":"<a href=\"https:\/\/bibliovaud.ch\/?tribe_events=mois-des-fiertes\"><img loading=\"lazy\" decoding=\"async\" width=\"170\" height=\"170\" src=\"https:\/\/bibliovaud.ch\/wp-content\/uploads\/BiblioVevey-programme-2026-V040-170x170.png\" class=\"alignleft post-theming-left wp-post-image\" alt=\"\" srcset=\"https:\/\/bibliovaud.ch\/wp-content\/uploads\/BiblioVevey-programme-2026-V040-170x170.png 170w, https:\/\/bibliovaud.ch\/wp-content\/uploads\/BiblioVevey-programme-2026-V040-100x100.png 100w\" sizes=\"auto, (max-width: 170px) 85vw, 170px\" \/><\/a>Rendez-vous \u00e0 la Place du March\u00e9\nLa Biblio s&#8217;associe \u00e0 nouveau au Service de la coh\u00e9sion sociale de la Ville de Vevey et \u00e0 Voqueer pour vous proposer un stand au March\u00e9 de Vevey \u00e0 l&#8217;occasion du Mois des fiert\u00e9s.\nVenez nous voir et fabriquer votre badge de soutien \u00e0 la communaut\u00e9 LGBTIQ+ dessin\u00e9 par l&#8217;artiste Romane M. Serez !\nAu travers de projets de cr\u00e9ation, de m\u00e9diation et de recherche, Romane M. Serez intervient au sein de diverses associations et institutions culturelles en Suisse romande. Iel anime des ateliers autour de l\u2019\u00e9criture, de l\u2019\u00e9dition, de l\u2019expression corporelle et des arts plastiques, ainsi [...]<div class=\"post-theming-cleared\"> <\/div>","protected":false},"excerpt":{"rendered":"<a href=\"https:\/\/bibliovaud.ch\/?tribe_events=mois-des-fiertes\"><img width=\"170\" height=\"170\" src=\"https:\/\/bibliovaud.ch\/wp-content\/uploads\/BiblioVevey-programme-2026-V040-170x170.png\" class=\"alignleft post-theming-left wp-post-image\" alt=\"\" decoding=\"async\" loading=\"lazy\" srcset=\"https:\/\/bibliovaud.ch\/wp-content\/uploads\/BiblioVevey-programme-2026-V040-170x170.png 170w, https:\/\/bibliovaud.ch\/wp-content\/uploads\/BiblioVevey-programme-2026-V040-100x100.png 100w\" sizes=\"auto, (max-width: 170px) 85vw, 170px\" \/><\/a>Rendez-vous \u00e0 la Place du March\u00e9 La Biblio s&#8217;associe \u00e0 nouveau au Service de la coh\u00e9sion sociale de la Ville de Vevey et \u00e0 Voqueer pour vous proposer un stand &hellip; Continuer la lecture de &laquo;&nbsp;Mois des fiert\u00e9s&nbsp;&raquo;\n<div class=\"post-theming-cleared\"> <\/div>","protected":false},"author":10,"featured_media":16348,"template":"","meta":{"om_disable_all_campaigns":false,"_monsterinsights_skip_tracking":false,"_monsterinsights_sitenote_active":false,"_monsterinsights_sitenote_note":"","_monsterinsights_sitenote_category":0,"_tribe_events_status":"","_tribe_events_status_reason":"","footnotes":""},"tags":[],"tribe_events_cat":[520],"class_list":["post-16347","tribe_events","type-tribe_events","status-publish","has-post-thumbnail","hentry","tribe_events_cat-rencontre","cat_rencontre"],"aioseo_notices":[],"_links":{"self":[{"href":"https:\/\/bibliovaud.ch\/index.php?rest_route=\/wp\/v2\/tribe_events\/16347","targetHints":{"allow":["GET"]}}],"collection":[{"href":"https:\/\/bibliovaud.ch\/index.php?rest_route=\/wp\/v2\/tribe_events"}],"about":[{"href":"https:\/\/bibliovaud.ch\/index.php?rest_route=\/wp\/v2\/types\/tribe_events"}],"author":[{"embeddable":true,"href":"https:\/\/bibliovaud.ch\/index.php?rest_route=\/wp\/v2\/users\/10"}],"version-history":[{"count":1,"href":"https:\/\/bibliovaud.ch\/index.php?rest_route=\/wp\/v2\/tribe_events\/16347\/revisions"}],"predecessor-version":[{"id":16350,"href":"https:\/\/bibliovaud.ch\/index.php?rest_route=\/wp\/v2\/tribe_events\/16347\/revisions\/16350"}],"wp:featuredmedia":[{"embeddable":true,"href":"https:\/\/bibliovaud.ch\/index.php?rest_route=\/wp\/v2\/media\/16348"}],"wp:attachment":[{"href":"https:\/\/bibliovaud.ch\/index.php?rest_route=%2Fwp%2Fv2%2Fmedia&parent=16347"}],"wp:term":[{"taxonomy":"post_tag","embeddable":true,"href":"https:\/\/bibliovaud.ch\/index.php?rest_route=%2Fwp%2Fv2%2Ftags&post=16347"},{"taxonomy":"tribe_events_cat","embeddable":true,"href":"https:\/\/bibliovaud.ch\/index.php?rest_route=%2Fwp%2Fv2%2Ftribe_events_cat&post=16347"}],"curies":[{"name":"wp","href":"https:\/\/api.w.org\/{rel}","templated":true}]}}

Mois des fiertés

<a href="https://bibliovaud.ch/?tribe_events=mois-des-fiertes"><img loading="lazy" decoding="async" width="170" height="170" src="https://bibliovaud.ch/wp-content/uploads/BiblioVevey-programme-2026-V040-170x170.png" class="alignleft post-theming-left wp-post-image" alt="" srcset="https://bibliovaud.ch/wp-content/uploads/BiblioVevey-programme-2026-V040-170x170.png 170w, https://bibliovaud.ch/wp-content/uploads/BiblioVevey-programme-2026-V040-100x100.png 100w" sizes="auto, (max-width: 170px) 85vw, 170px" /></a>Rendez-vous à la Place du Marché
La Biblio s&#8217;associe à nouveau au Service de la cohésion sociale de la Ville de Vevey et à Voqueer pour vous proposer un stand au Marché de Vevey à l&#8217;occasion du Mois des fiertés.
Venez nous voir et fabriquer votre badge de soutien à la communauté LGBTIQ+ dessiné par l&#8217;artiste Romane M. Serez !
Au travers de projets de création, de médiation et de recherche, Romane M. Serez intervient au sein de diverses associations et institutions culturelles en Suisse romande. Iel anime des ateliers autour de l’écriture, de l’édition, de l’expression corporelle et des arts plastiques, ainsi [...]<div class="post-theming-cleared"> </div>

<a href="https://bibliovaud.ch/?tribe_events=mois-des-fiertes"><img width="170" height="170" src="https://bibliovaud.ch/wp-content/uploads/BiblioVevey-programme-2026-V040-170x170.png" class="alignleft post-theming-left wp-post-image" alt="" decoding="async" loading="lazy" srcset="https://bibliovaud.ch/wp-content/uploads/BiblioVevey-programme-2026-V040-170x170.png 170w, https://bibliovaud.ch/wp-content/uploads/BiblioVevey-programme-2026-V040-100x100.png 100w" sizes="auto, (max-width: 170px) 85vw, 170px" /></a>Rendez-vous à la Place du Marché La Biblio s&#8217;associe à nouveau au Service de la cohésion sociale de la Ville de Vevey et à Voqueer pour vous proposer un stand &hellip; Continuer la lecture de &laquo;&nbsp;Mois des fiertés&nbsp;&raquo;
<div class="post-theming-cleared"> </div>
