{"id":16354,"date":"2026-01-22T16:02:17","date_gmt":"2026-01-22T15:02:17","guid":{"rendered":"https:\/\/bibliovaud.ch\/?post_type=tribe_events&#038;p=16354"},"modified":"2026-01-22T16:02:17","modified_gmt":"2026-01-22T15:02:17","slug":"la-biblio-dans-ton-quartier-12","status":"publish","type":"tribe_events","link":"https:\/\/bibliovaud.ch\/?tribe_events=la-biblio-dans-ton-quartier-12","title":{"rendered":"La Biblio dans ton quartier !"},"content":{"rendered":"Rendez-vous au Foyer St-Martin EVAM\nPour les familles avec des enfants de 0 \u00e0 14 ans\nLa Biblio d\u00e9barque dans votre quartier ! Le Service de la coh\u00e9sion sociale de la Ville de Vevey, la Biblioth\u00e8que et l&#8217;association Bain de livres s&#8217;unissent pour vous proposer une grande tourn\u00e9e de livres veveysanne.\nUn bus rempli de 1000 livres en 80 langues quasi en bas de chez vous ! 25 dates dont 18 ouvertes au public \u00e0 ne pas manquer situ\u00e9es dans les 4 points cardinaux de Vevey, bienvenue \u00e0 toutes et tous !\nAvec la collaboration du Service de la coh\u00e9sion sociale de la Ville [...]<div class=\"post-theming-cleared\"> <\/div>","protected":false},"excerpt":{"rendered":"Rendez-vous au Foyer St-Martin EVAM Pour les familles avec des enfants de 0 \u00e0 14 ans La Biblio d\u00e9barque dans votre quartier ! Le Service de la coh\u00e9sion sociale de &hellip; Continuer la lecture de &laquo;&nbsp;La Biblio dans ton quartier !&nbsp;&raquo;\n<div class=\"post-theming-cleared\"> <\/div>","protected":false},"author":10,"featured_media":0,"template":"","meta":{"om_disable_all_campaigns":false,"_monsterinsights_skip_tracking":false,"_monsterinsights_sitenote_active":false,"_monsterinsights_sitenote_note":"","_monsterinsights_sitenote_category":0,"_tribe_events_status":"","_tribe_events_status_reason":"","footnotes":""},"tags":[],"tribe_events_cat":[372],"class_list":["post-16354","tribe_events","type-tribe_events","status-publish","hentry","tribe_events_cat-lecture","cat_lecture"],"aioseo_notices":[],"_links":{"self":[{"href":"https:\/\/bibliovaud.ch\/index.php?rest_route=\/wp\/v2\/tribe_events\/16354","targetHints":{"allow":["GET"]}}],"collection":[{"href":"https:\/\/bibliovaud.ch\/index.php?rest_route=\/wp\/v2\/tribe_events"}],"about":[{"href":"https:\/\/bibliovaud.ch\/index.php?rest_route=\/wp\/v2\/types\/tribe_events"}],"author":[{"embeddable":true,"href":"https:\/\/bibliovaud.ch\/index.php?rest_route=\/wp\/v2\/users\/10"}],"version-history":[{"count":1,"href":"https:\/\/bibliovaud.ch\/index.php?rest_route=\/wp\/v2\/tribe_events\/16354\/revisions"}],"predecessor-version":[{"id":16356,"href":"https:\/\/bibliovaud.ch\/index.php?rest_route=\/wp\/v2\/tribe_events\/16354\/revisions\/16356"}],"wp:attachment":[{"href":"https:\/\/bibliovaud.ch\/index.php?rest_route=%2Fwp%2Fv2%2Fmedia&parent=16354"}],"wp:term":[{"taxonomy":"post_tag","embeddable":true,"href":"https:\/\/bibliovaud.ch\/index.php?rest_route=%2Fwp%2Fv2%2Ftags&post=16354"},{"taxonomy":"tribe_events_cat","embeddable":true,"href":"https:\/\/bibliovaud.ch\/index.php?rest_route=%2Fwp%2Fv2%2Ftribe_events_cat&post=16354"}],"curies":[{"name":"wp","href":"https:\/\/api.w.org\/{rel}","templated":true}]}}

Rendez-vous au Foyer St-Martin EVAM
Pour les familles avec des enfants de 0 à 14 ans
La Biblio débarque dans votre quartier ! Le Service de la cohésion sociale de la Ville de Vevey, la Bibliothèque et l&#8217;association Bain de livres s&#8217;unissent pour vous proposer une grande tournée de livres veveysanne.
Un bus rempli de 1000 livres en 80 langues quasi en bas de chez vous ! 25 dates dont 18 ouvertes au public à ne pas manquer situées dans les 4 points cardinaux de Vevey, bienvenue à toutes et tous !
Avec la collaboration du Service de la cohésion sociale de la Ville [...]<div class="post-theming-cleared"> </div>

Rendez-vous au Foyer St-Martin EVAM Pour les familles avec des enfants de 0 à 14 ans La Biblio débarque dans votre quartier ! Le Service de la cohésion sociale de &hellip; Continuer la lecture de &laquo;&nbsp;La Biblio dans ton quartier !&nbsp;&raquo;
<div class="post-theming-cleared"> </div>
