{"id":16366,"date":"2026-01-30T12:50:40","date_gmt":"2026-01-30T11:50:40","guid":{"rendered":"https:\/\/bibliovaud.ch\/?post_type=tribe_events&#038;p=16366"},"modified":"2026-01-30T12:53:36","modified_gmt":"2026-01-30T11:53:36","slug":"en-marge-special-prix-du-livre-de-la-ville-de-lausanne","status":"publish","type":"tribe_events","link":"https:\/\/bibliovaud.ch\/?tribe_events=en-marge-special-prix-du-livre-de-la-ville-de-lausanne","title":{"rendered":"En marge &#8211; Sp\u00e9cial Prix du livre de la Ville de Lausanne"},"content":{"rendered":"<a href=\"https:\/\/bibliovaud.ch\/?tribe_events=en-marge-special-prix-du-livre-de-la-ville-de-lausanne\"><img loading=\"lazy\" decoding=\"async\" width=\"170\" height=\"170\" src=\"https:\/\/bibliovaud.ch\/wp-content\/uploads\/BiblioVevey-programme-2026-V080-170x170.png\" class=\"alignleft post-theming-left wp-post-image\" alt=\"\" srcset=\"https:\/\/bibliovaud.ch\/wp-content\/uploads\/BiblioVevey-programme-2026-V080-170x170.png 170w, https:\/\/bibliovaud.ch\/wp-content\/uploads\/BiblioVevey-programme-2026-V080-100x100.png 100w\" sizes=\"auto, (max-width: 170px) 85vw, 170px\" \/><\/a>Sp\u00e9cial Prix du livre de la Ville de Lausanne avec Fanny Meyer\nUne soir\u00e9e d&#8217;En marge traditionnelle qui se terminera par la pr\u00e9sentation de Fanny Meyer, D\u00e9l\u00e9gu\u00e9e \u00e0 la Politique du livre, qui vous fera d\u00e9couvrir la s\u00e9lection 2026 du Prix du livre de Lausanne.\n<div class=\"post-theming-cleared\"> <\/div>","protected":false},"excerpt":{"rendered":"<a href=\"https:\/\/bibliovaud.ch\/?tribe_events=en-marge-special-prix-du-livre-de-la-ville-de-lausanne\"><img width=\"170\" height=\"170\" src=\"https:\/\/bibliovaud.ch\/wp-content\/uploads\/BiblioVevey-programme-2026-V080-170x170.png\" class=\"alignleft post-theming-left wp-post-image\" alt=\"\" decoding=\"async\" loading=\"lazy\" srcset=\"https:\/\/bibliovaud.ch\/wp-content\/uploads\/BiblioVevey-programme-2026-V080-170x170.png 170w, https:\/\/bibliovaud.ch\/wp-content\/uploads\/BiblioVevey-programme-2026-V080-100x100.png 100w\" sizes=\"auto, (max-width: 170px) 85vw, 170px\" \/><\/a>Sp\u00e9cial Prix du livre de la Ville de Lausanne avec Fanny Meyer Une soir\u00e9e d&#8217;En marge traditionnelle qui se terminera par la pr\u00e9sentation de Fanny Meyer, D\u00e9l\u00e9gu\u00e9e \u00e0 la Politique &hellip; Continuer la lecture de &laquo;&nbsp;En marge &#8211; Sp\u00e9cial Prix du livre de la Ville de Lausanne&nbsp;&raquo;\n<div class=\"post-theming-cleared\"> <\/div>","protected":false},"author":10,"featured_media":16276,"template":"","meta":{"om_disable_all_campaigns":false,"_monsterinsights_skip_tracking":false,"_monsterinsights_sitenote_active":false,"_monsterinsights_sitenote_note":"","_monsterinsights_sitenote_category":0,"_tribe_events_status":"","_tribe_events_status_reason":"","footnotes":""},"tags":[],"tribe_events_cat":[369],"class_list":["post-16366","tribe_events","type-tribe_events","status-publish","has-post-thumbnail","hentry","tribe_events_cat-club-de-culture","cat_club-de-culture"],"aioseo_notices":[],"_links":{"self":[{"href":"https:\/\/bibliovaud.ch\/index.php?rest_route=\/wp\/v2\/tribe_events\/16366","targetHints":{"allow":["GET"]}}],"collection":[{"href":"https:\/\/bibliovaud.ch\/index.php?rest_route=\/wp\/v2\/tribe_events"}],"about":[{"href":"https:\/\/bibliovaud.ch\/index.php?rest_route=\/wp\/v2\/types\/tribe_events"}],"author":[{"embeddable":true,"href":"https:\/\/bibliovaud.ch\/index.php?rest_route=\/wp\/v2\/users\/10"}],"version-history":[{"count":1,"href":"https:\/\/bibliovaud.ch\/index.php?rest_route=\/wp\/v2\/tribe_events\/16366\/revisions"}],"predecessor-version":[{"id":16367,"href":"https:\/\/bibliovaud.ch\/index.php?rest_route=\/wp\/v2\/tribe_events\/16366\/revisions\/16367"}],"wp:featuredmedia":[{"embeddable":true,"href":"https:\/\/bibliovaud.ch\/index.php?rest_route=\/wp\/v2\/media\/16276"}],"wp:attachment":[{"href":"https:\/\/bibliovaud.ch\/index.php?rest_route=%2Fwp%2Fv2%2Fmedia&parent=16366"}],"wp:term":[{"taxonomy":"post_tag","embeddable":true,"href":"https:\/\/bibliovaud.ch\/index.php?rest_route=%2Fwp%2Fv2%2Ftags&post=16366"},{"taxonomy":"tribe_events_cat","embeddable":true,"href":"https:\/\/bibliovaud.ch\/index.php?rest_route=%2Fwp%2Fv2%2Ftribe_events_cat&post=16366"}],"curies":[{"name":"wp","href":"https:\/\/api.w.org\/{rel}","templated":true}]}}

En marge &#8211; Spécial Prix du livre de la Ville de Lausanne

<a href="https://bibliovaud.ch/?tribe_events=en-marge-special-prix-du-livre-de-la-ville-de-lausanne"><img loading="lazy" decoding="async" width="170" height="170" src="https://bibliovaud.ch/wp-content/uploads/BiblioVevey-programme-2026-V080-170x170.png" class="alignleft post-theming-left wp-post-image" alt="" srcset="https://bibliovaud.ch/wp-content/uploads/BiblioVevey-programme-2026-V080-170x170.png 170w, https://bibliovaud.ch/wp-content/uploads/BiblioVevey-programme-2026-V080-100x100.png 100w" sizes="auto, (max-width: 170px) 85vw, 170px" /></a>Spécial Prix du livre de la Ville de Lausanne avec Fanny Meyer
Une soirée d&#8217;En marge traditionnelle qui se terminera par la présentation de Fanny Meyer, Déléguée à la Politique du livre, qui vous fera découvrir la sélection 2026 du Prix du livre de Lausanne.
<div class="post-theming-cleared"> </div>

<a href="https://bibliovaud.ch/?tribe_events=en-marge-special-prix-du-livre-de-la-ville-de-lausanne"><img width="170" height="170" src="https://bibliovaud.ch/wp-content/uploads/BiblioVevey-programme-2026-V080-170x170.png" class="alignleft post-theming-left wp-post-image" alt="" decoding="async" loading="lazy" srcset="https://bibliovaud.ch/wp-content/uploads/BiblioVevey-programme-2026-V080-170x170.png 170w, https://bibliovaud.ch/wp-content/uploads/BiblioVevey-programme-2026-V080-100x100.png 100w" sizes="auto, (max-width: 170px) 85vw, 170px" /></a>Spécial Prix du livre de la Ville de Lausanne avec Fanny Meyer Une soirée d&#8217;En marge traditionnelle qui se terminera par la présentation de Fanny Meyer, Déléguée à la Politique &hellip; Continuer la lecture de &laquo;&nbsp;En marge &#8211; Spécial Prix du livre de la Ville de Lausanne&nbsp;&raquo;
<div class="post-theming-cleared"> </div>
