{"id":16430,"date":"2026-02-05T14:51:12","date_gmt":"2026-02-05T13:51:12","guid":{"rendered":"https:\/\/bibliovaud.ch\/?post_type=tribe_events&#038;p=16430"},"modified":"2026-02-05T14:51:12","modified_gmt":"2026-02-05T13:51:12","slug":"cest-une-autre-histoire-petite-main-grande-main","status":"publish","type":"tribe_events","link":"https:\/\/bibliovaud.ch\/?tribe_events=cest-une-autre-histoire-petite-main-grande-main","title":{"rendered":"C&#8217;est une autre histoire ! petite main GRANDE MAIN"},"content":{"rendered":"<a href=\"https:\/\/bibliovaud.ch\/?tribe_events=cest-une-autre-histoire-petite-main-grande-main\"><img loading=\"lazy\" decoding=\"async\" width=\"170\" height=\"170\" src=\"https:\/\/bibliovaud.ch\/wp-content\/uploads\/BiblioVevey-programme-2026-V052-170x170.png\" class=\"alignleft post-theming-left wp-post-image\" alt=\"\" srcset=\"https:\/\/bibliovaud.ch\/wp-content\/uploads\/BiblioVevey-programme-2026-V052-170x170.png 170w, https:\/\/bibliovaud.ch\/wp-content\/uploads\/BiblioVevey-programme-2026-V052-100x100.png 100w\" sizes=\"auto, (max-width: 170px) 85vw, 170px\" \/><\/a>Avec M\u00e9lanie, Dora Formica, Matthias et Ys\u00e9e Kunz\nPour les enfants d\u00e8s 6 ans accompagn\u00e9\u00b7e\u00b7s d&#8217;un\u00b7e adulte\npetite main et GRANDE MAIN est un livre qui raconte l\u2019histoire de deux mains qui s\u2019aiment profond\u00e9ment et partent ensemble explorer le monde. Rencontre les trois auteurices de ce passionnant album et d\u00e9couvre les objets que cette famille a ramen\u00e9 de son voyage !\npetite main et GRANDE MAIN est une v\u00e9ritable aventure familiale. Ys\u00e9e Kunz, n\u00e9e en 2015 en Suisse, est une jeune fille curieuse qui adore lire, dessiner, skier et d\u00e9couvrir de nouvelles cultures. Son p\u00e8re, Matthias, a \u00e9t\u00e9 ing\u00e9nieur en environnement et enseignant [...]<div class=\"post-theming-cleared\"> <\/div>","protected":false},"excerpt":{"rendered":"<a href=\"https:\/\/bibliovaud.ch\/?tribe_events=cest-une-autre-histoire-petite-main-grande-main\"><img width=\"170\" height=\"170\" src=\"https:\/\/bibliovaud.ch\/wp-content\/uploads\/BiblioVevey-programme-2026-V052-170x170.png\" class=\"alignleft post-theming-left wp-post-image\" alt=\"\" decoding=\"async\" loading=\"lazy\" srcset=\"https:\/\/bibliovaud.ch\/wp-content\/uploads\/BiblioVevey-programme-2026-V052-170x170.png 170w, https:\/\/bibliovaud.ch\/wp-content\/uploads\/BiblioVevey-programme-2026-V052-100x100.png 100w\" sizes=\"auto, (max-width: 170px) 85vw, 170px\" \/><\/a>Avec M\u00e9lanie, Dora Formica, Matthias et Ys\u00e9e Kunz Pour les enfants d\u00e8s 6 ans accompagn\u00e9\u00b7e\u00b7s d&#8217;un\u00b7e adulte petite main et GRANDE MAIN est un livre qui raconte l\u2019histoire de deux &hellip; Continuer la lecture de &laquo;&nbsp;C&#8217;est une autre histoire ! petite main GRANDE MAIN&nbsp;&raquo;\n<div class=\"post-theming-cleared\"> <\/div>","protected":false},"author":10,"featured_media":16317,"template":"","meta":{"om_disable_all_campaigns":false,"_monsterinsights_skip_tracking":false,"_monsterinsights_sitenote_active":false,"_monsterinsights_sitenote_note":"","_monsterinsights_sitenote_category":0,"_tribe_events_status":"","_tribe_events_status_reason":"","footnotes":""},"tags":[],"tribe_events_cat":[372],"class_list":["post-16430","tribe_events","type-tribe_events","status-publish","has-post-thumbnail","hentry","tribe_events_cat-lecture","cat_lecture"],"aioseo_notices":[],"_links":{"self":[{"href":"https:\/\/bibliovaud.ch\/index.php?rest_route=\/wp\/v2\/tribe_events\/16430","targetHints":{"allow":["GET"]}}],"collection":[{"href":"https:\/\/bibliovaud.ch\/index.php?rest_route=\/wp\/v2\/tribe_events"}],"about":[{"href":"https:\/\/bibliovaud.ch\/index.php?rest_route=\/wp\/v2\/types\/tribe_events"}],"author":[{"embeddable":true,"href":"https:\/\/bibliovaud.ch\/index.php?rest_route=\/wp\/v2\/users\/10"}],"version-history":[{"count":1,"href":"https:\/\/bibliovaud.ch\/index.php?rest_route=\/wp\/v2\/tribe_events\/16430\/revisions"}],"predecessor-version":[{"id":16431,"href":"https:\/\/bibliovaud.ch\/index.php?rest_route=\/wp\/v2\/tribe_events\/16430\/revisions\/16431"}],"wp:featuredmedia":[{"embeddable":true,"href":"https:\/\/bibliovaud.ch\/index.php?rest_route=\/wp\/v2\/media\/16317"}],"wp:attachment":[{"href":"https:\/\/bibliovaud.ch\/index.php?rest_route=%2Fwp%2Fv2%2Fmedia&parent=16430"}],"wp:term":[{"taxonomy":"post_tag","embeddable":true,"href":"https:\/\/bibliovaud.ch\/index.php?rest_route=%2Fwp%2Fv2%2Ftags&post=16430"},{"taxonomy":"tribe_events_cat","embeddable":true,"href":"https:\/\/bibliovaud.ch\/index.php?rest_route=%2Fwp%2Fv2%2Ftribe_events_cat&post=16430"}],"curies":[{"name":"wp","href":"https:\/\/api.w.org\/{rel}","templated":true}]}}

<a href="https://bibliovaud.ch/?tribe_events=cest-une-autre-histoire-petite-main-grande-main"><img loading="lazy" decoding="async" width="170" height="170" src="https://bibliovaud.ch/wp-content/uploads/BiblioVevey-programme-2026-V052-170x170.png" class="alignleft post-theming-left wp-post-image" alt="" srcset="https://bibliovaud.ch/wp-content/uploads/BiblioVevey-programme-2026-V052-170x170.png 170w, https://bibliovaud.ch/wp-content/uploads/BiblioVevey-programme-2026-V052-100x100.png 100w" sizes="auto, (max-width: 170px) 85vw, 170px" /></a>Avec Mélanie, Dora Formica, Matthias et Ysée Kunz
Pour les enfants dès 6 ans accompagné·e·s d&#8217;un·e adulte
petite main et GRANDE MAIN est un livre qui raconte l’histoire de deux mains qui s’aiment profondément et partent ensemble explorer le monde. Rencontre les trois auteurices de ce passionnant album et découvre les objets que cette famille a ramené de son voyage !
petite main et GRANDE MAIN est une véritable aventure familiale. Ysée Kunz, née en 2015 en Suisse, est une jeune fille curieuse qui adore lire, dessiner, skier et découvrir de nouvelles cultures. Son père, Matthias, a été ingénieur en environnement et enseignant [...]<div class="post-theming-cleared"> </div>

<a href="https://bibliovaud.ch/?tribe_events=cest-une-autre-histoire-petite-main-grande-main"><img width="170" height="170" src="https://bibliovaud.ch/wp-content/uploads/BiblioVevey-programme-2026-V052-170x170.png" class="alignleft post-theming-left wp-post-image" alt="" decoding="async" loading="lazy" srcset="https://bibliovaud.ch/wp-content/uploads/BiblioVevey-programme-2026-V052-170x170.png 170w, https://bibliovaud.ch/wp-content/uploads/BiblioVevey-programme-2026-V052-100x100.png 100w" sizes="auto, (max-width: 170px) 85vw, 170px" /></a>Avec Mélanie, Dora Formica, Matthias et Ysée Kunz Pour les enfants dès 6 ans accompagné·e·s d&#8217;un·e adulte petite main et GRANDE MAIN est un livre qui raconte l’histoire de deux &hellip; Continuer la lecture de &laquo;&nbsp;C&#8217;est une autre histoire ! petite main GRANDE MAIN&nbsp;&raquo;
<div class="post-theming-cleared"> </div>
