{"id":16432,"date":"2026-02-05T14:52:24","date_gmt":"2026-02-05T13:52:24","guid":{"rendered":"https:\/\/bibliovaud.ch\/?post_type=tribe_events&#038;p=16432"},"modified":"2026-02-05T14:52:24","modified_gmt":"2026-02-05T13:52:24","slug":"cafe-seniors-11","status":"publish","type":"tribe_events","link":"https:\/\/bibliovaud.ch\/?tribe_events=cafe-seniors-11","title":{"rendered":"Caf\u00e9 s\u00e9niors"},"content":{"rendered":"<a href=\"https:\/\/bibliovaud.ch\/?tribe_events=cafe-seniors-11\"><img loading=\"lazy\" decoding=\"async\" width=\"170\" height=\"170\" src=\"https:\/\/bibliovaud.ch\/wp-content\/uploads\/BiblioVevey-programme-2026-V076-170x170.png\" class=\"alignleft post-theming-left wp-post-image\" alt=\"\" srcset=\"https:\/\/bibliovaud.ch\/wp-content\/uploads\/BiblioVevey-programme-2026-V076-170x170.png 170w, https:\/\/bibliovaud.ch\/wp-content\/uploads\/BiblioVevey-programme-2026-V076-100x100.png 100w\" sizes=\"auto, (max-width: 170px) 85vw, 170px\" \/><\/a>Avec les \u00e9quipes du Panorama et de la Biblioth\u00e8que\nLe Centre de jour du Panorama et la Biblioth\u00e8que vous proposent une nouvelle rencontre : Les caf\u00e9s s\u00e9niors ! Le concept est simple : une boisson, des biscuits (indispensables !), de chouettes rencontres ainsi qu&#8217;une s\u00e9lection de livres et de DVD faite pour vous et pr\u00e9sent\u00e9e par l&#8217;\u00e9quipe de la Biblioth\u00e8que.\n<div class=\"post-theming-cleared\"> <\/div>","protected":false},"excerpt":{"rendered":"<a href=\"https:\/\/bibliovaud.ch\/?tribe_events=cafe-seniors-11\"><img width=\"170\" height=\"170\" src=\"https:\/\/bibliovaud.ch\/wp-content\/uploads\/BiblioVevey-programme-2026-V076-170x170.png\" class=\"alignleft post-theming-left wp-post-image\" alt=\"\" decoding=\"async\" loading=\"lazy\" srcset=\"https:\/\/bibliovaud.ch\/wp-content\/uploads\/BiblioVevey-programme-2026-V076-170x170.png 170w, https:\/\/bibliovaud.ch\/wp-content\/uploads\/BiblioVevey-programme-2026-V076-100x100.png 100w\" sizes=\"auto, (max-width: 170px) 85vw, 170px\" \/><\/a>Avec les \u00e9quipes du Panorama et de la Biblioth\u00e8que Le Centre de jour du Panorama et la Biblioth\u00e8que vous proposent une nouvelle rencontre : Les caf\u00e9s s\u00e9niors ! Le concept &hellip; Continuer la lecture de &laquo;&nbsp;Caf\u00e9 s\u00e9niors&nbsp;&raquo;\n<div class=\"post-theming-cleared\"> <\/div>","protected":false},"author":10,"featured_media":16292,"template":"","meta":{"om_disable_all_campaigns":false,"_monsterinsights_skip_tracking":false,"_monsterinsights_sitenote_active":false,"_monsterinsights_sitenote_note":"","_monsterinsights_sitenote_category":0,"_tribe_events_status":"","_tribe_events_status_reason":"","footnotes":""},"tags":[],"tribe_events_cat":[369],"class_list":["post-16432","tribe_events","type-tribe_events","status-publish","has-post-thumbnail","hentry","tribe_events_cat-club-de-culture","cat_club-de-culture"],"aioseo_notices":[],"_links":{"self":[{"href":"https:\/\/bibliovaud.ch\/index.php?rest_route=\/wp\/v2\/tribe_events\/16432","targetHints":{"allow":["GET"]}}],"collection":[{"href":"https:\/\/bibliovaud.ch\/index.php?rest_route=\/wp\/v2\/tribe_events"}],"about":[{"href":"https:\/\/bibliovaud.ch\/index.php?rest_route=\/wp\/v2\/types\/tribe_events"}],"author":[{"embeddable":true,"href":"https:\/\/bibliovaud.ch\/index.php?rest_route=\/wp\/v2\/users\/10"}],"version-history":[{"count":1,"href":"https:\/\/bibliovaud.ch\/index.php?rest_route=\/wp\/v2\/tribe_events\/16432\/revisions"}],"predecessor-version":[{"id":16433,"href":"https:\/\/bibliovaud.ch\/index.php?rest_route=\/wp\/v2\/tribe_events\/16432\/revisions\/16433"}],"wp:featuredmedia":[{"embeddable":true,"href":"https:\/\/bibliovaud.ch\/index.php?rest_route=\/wp\/v2\/media\/16292"}],"wp:attachment":[{"href":"https:\/\/bibliovaud.ch\/index.php?rest_route=%2Fwp%2Fv2%2Fmedia&parent=16432"}],"wp:term":[{"taxonomy":"post_tag","embeddable":true,"href":"https:\/\/bibliovaud.ch\/index.php?rest_route=%2Fwp%2Fv2%2Ftags&post=16432"},{"taxonomy":"tribe_events_cat","embeddable":true,"href":"https:\/\/bibliovaud.ch\/index.php?rest_route=%2Fwp%2Fv2%2Ftribe_events_cat&post=16432"}],"curies":[{"name":"wp","href":"https:\/\/api.w.org\/{rel}","templated":true}]}}

Café séniors

<a href="https://bibliovaud.ch/?tribe_events=cafe-seniors-11"><img loading="lazy" decoding="async" width="170" height="170" src="https://bibliovaud.ch/wp-content/uploads/BiblioVevey-programme-2026-V076-170x170.png" class="alignleft post-theming-left wp-post-image" alt="" srcset="https://bibliovaud.ch/wp-content/uploads/BiblioVevey-programme-2026-V076-170x170.png 170w, https://bibliovaud.ch/wp-content/uploads/BiblioVevey-programme-2026-V076-100x100.png 100w" sizes="auto, (max-width: 170px) 85vw, 170px" /></a>Avec les équipes du Panorama et de la Bibliothèque
Le Centre de jour du Panorama et la Bibliothèque vous proposent une nouvelle rencontre : Les cafés séniors ! Le concept est simple : une boisson, des biscuits (indispensables !), de chouettes rencontres ainsi qu&#8217;une sélection de livres et de DVD faite pour vous et présentée par l&#8217;équipe de la Bibliothèque.
<div class="post-theming-cleared"> </div>

<a href="https://bibliovaud.ch/?tribe_events=cafe-seniors-11"><img width="170" height="170" src="https://bibliovaud.ch/wp-content/uploads/BiblioVevey-programme-2026-V076-170x170.png" class="alignleft post-theming-left wp-post-image" alt="" decoding="async" loading="lazy" srcset="https://bibliovaud.ch/wp-content/uploads/BiblioVevey-programme-2026-V076-170x170.png 170w, https://bibliovaud.ch/wp-content/uploads/BiblioVevey-programme-2026-V076-100x100.png 100w" sizes="auto, (max-width: 170px) 85vw, 170px" /></a>Avec les équipes du Panorama et de la Bibliothèque Le Centre de jour du Panorama et la Bibliothèque vous proposent une nouvelle rencontre : Les cafés séniors ! Le concept &hellip; Continuer la lecture de &laquo;&nbsp;Café séniors&nbsp;&raquo;
<div class="post-theming-cleared"> </div>
